Last updated on 2023-01-27 08:52:33 CET.
Flavor | Version | Tinstall | Tcheck | Ttotal | Status | Flags |
---|---|---|---|---|---|---|
r-devel-linux-x86_64-debian-clang | 0.2.4 | 6.23 | 85.54 | 91.77 | OK | |
r-devel-linux-x86_64-debian-gcc | 0.2.4 | 4.91 | 63.47 | 68.38 | OK | |
r-devel-linux-x86_64-fedora-clang | 0.2.4 | 117.51 | NOTE | |||
r-devel-linux-x86_64-fedora-gcc | 0.2.4 | 120.27 | NOTE | |||
r-devel-windows-x86_64 | 0.2.4 | 24.00 | 120.00 | 144.00 | OK | |
r-patched-linux-x86_64 | 0.2.4 | 5.62 | 84.27 | 89.89 | OK | |
r-release-linux-x86_64 | 0.2.4 | 4.78 | 84.46 | 89.24 | OK | |
r-release-macos-arm64 | 0.2.4 | 54.00 | OK | |||
r-release-macos-x86_64 | 0.2.4 | 69.00 | OK | |||
r-release-windows-x86_64 | 0.2.4 | 20.00 | 139.00 | 159.00 | OK | |
r-oldrel-macos-arm64 | 0.2.4 | 56.00 | OK | |||
r-oldrel-macos-x86_64 | 0.2.4 | 72.00 | OK | |||
r-oldrel-windows-ix86+x86_64 | 0.2.4 | 17.00 | 122.00 | 139.00 | OK |
Version: 0.2.4
Check: data for non-ASCII characters
Result: NOTE
Note: found 4622 marked UTF-8 strings
Flavors: r-devel-linux-x86_64-fedora-clang, r-devel-linux-x86_64-fedora-gcc