CRAN Package Check Results for Package clustvarsel

Last updated on 2024-02-24 19:50:34 CET.

Flavor Version Tinstall Tcheck Ttotal Status Flags
r-devel-linux-x86_64-debian-clang 2.3.4 8.85 96.90 105.75 NOTE
r-devel-linux-x86_64-debian-gcc 2.3.4 8.52 73.75 82.27 NOTE
r-devel-linux-x86_64-fedora-clang 2.3.4 139.27 NOTE
r-devel-linux-x86_64-fedora-gcc 2.3.4 142.33 NOTE
r-devel-windows-x86_64 2.3.4 9.00 100.00 109.00 NOTE --no-vignettes
r-patched-linux-x86_64 2.3.4 12.12 94.55 106.67 NOTE
r-release-linux-x86_64 2.3.4 10.61 96.04 106.65 NOTE
r-release-macos-arm64 2.3.4 49.00 NOTE
r-release-macos-x86_64 2.3.4 81.00 NOTE
r-release-windows-x86_64 2.3.4 12.00 104.00 116.00 NOTE --no-vignettes
r-oldrel-macos-arm64 2.3.4 43.00 NOTE
r-oldrel-windows-x86_64 2.3.4 12.00 103.00 115.00 NOTE --no-vignettes

Check Details

Version: 2.3.4
Check: LazyData
Result: NOTE 'LazyData' is specified without a 'data' directory Flavors: r-devel-linux-x86_64-debian-clang, r-devel-linux-x86_64-debian-gcc, r-devel-linux-x86_64-fedora-clang, r-devel-linux-x86_64-fedora-gcc, r-patched-linux-x86_64, r-release-linux-x86_64, r-release-macos-arm64, r-release-macos-x86_64, r-oldrel-macos-arm64

Version: 2.3.4
Flags: --no-vignettes
Check: LazyData
Result: NOTE 'LazyData' is specified without a 'data' directory Flavors: r-devel-windows-x86_64, r-release-windows-x86_64, r-oldrel-windows-x86_64