CRAN Package Check Results for Package clusterhap

Last updated on 2021-09-20 08:50:07 CEST.

Flavor Version Tinstall Tcheck Ttotal Status Flags
r-devel-linux-x86_64-debian-clang 0.1 1.76 54.09 55.85 NOTE
r-devel-linux-x86_64-debian-gcc 0.1 1.64 38.73 40.37 NOTE
r-devel-linux-x86_64-fedora-clang 0.1 74.33 NOTE
r-devel-linux-x86_64-fedora-gcc 0.1 64.87 NOTE
r-devel-windows-x86_64 0.1 3.00 53.00 56.00 OK
r-devel-windows-x86_64-gcc10-UCRT 0.1 ERROR
r-patched-linux-x86_64 0.1 1.89 51.97 53.86 NOTE
r-patched-solaris-x86 0.1 85.00 NOTE
r-release-linux-x86_64 0.1 1.93 52.10 54.03 NOTE
r-release-macos-arm64 0.1 OK
r-release-macos-x86_64 0.1 OK
r-release-windows-ix86+x86_64 0.1 5.00 53.00 58.00 OK
r-oldrel-macos-x86_64 0.1 OK
r-oldrel-windows-ix86+x86_64 0.1 5.00 81.00 86.00 OK

Check Details

Version: 0.1
Check: for non-standard things in the check directory
Result: NOTE
    Found the following files/directories:
     'clusterhap_reports'
Flavors: r-devel-linux-x86_64-debian-clang, r-devel-linux-x86_64-debian-gcc, r-devel-linux-x86_64-fedora-clang, r-devel-linux-x86_64-fedora-gcc, r-patched-linux-x86_64, r-patched-solaris-x86, r-release-linux-x86_64

Version: 0.1
Check: whether package can be installed
Result: WARN
    Found the following significant warnings:
     WARNING: installation-time patches will not be applied, could not get the patches index
Flavor: r-devel-windows-x86_64-gcc10-UCRT

Version: 0.1
Check: PDF version of manual
Result: WARN
    LaTeX errors when creating PDF version.
    This typically indicates Rd problems.
Flavor: r-devel-windows-x86_64-gcc10-UCRT

Version: 0.1
Check: PDF version of manual without hyperrefs or index
Result: ERROR
    Re-running with no redirection of stdout/stderr.
Flavor: r-devel-windows-x86_64-gcc10-UCRT