CRAN Package Check Results for Package clusterRepro

Last updated on 2021-09-20 08:50:07 CEST.

Flavor Version Tinstall Tcheck Ttotal Status Flags
r-devel-linux-x86_64-debian-clang 0.9 1.75 22.01 23.76 OK
r-devel-linux-x86_64-debian-gcc 0.9 1.38 17.69 19.07 OK
r-devel-linux-x86_64-fedora-clang 0.9 38.17 OK
r-devel-linux-x86_64-fedora-gcc 0.9 27.44 OK
r-devel-windows-x86_64 0.9 3.00 25.00 28.00 OK
r-devel-windows-x86_64-gcc10-UCRT 0.9 ERROR
r-patched-linux-x86_64 0.9 1.82 21.83 23.65 OK
r-patched-solaris-x86 0.9 44.00 OK
r-release-linux-x86_64 0.9 1.55 21.95 23.50 OK
r-release-macos-arm64 0.9 OK
r-release-macos-x86_64 0.9 OK
r-release-windows-ix86+x86_64 0.9 5.00 25.00 30.00 OK
r-oldrel-macos-x86_64 0.9 OK
r-oldrel-windows-ix86+x86_64 0.9 5.00 24.00 29.00 OK

Check Details

Version: 0.9
Check: whether package can be installed
Result: WARN
    Found the following significant warnings:
     WARNING: installation-time patches will not be applied, could not get the patches index
Flavor: r-devel-windows-x86_64-gcc10-UCRT

Version: 0.9
Check: PDF version of manual
Result: WARN
    LaTeX errors when creating PDF version.
    This typically indicates Rd problems.
Flavor: r-devel-windows-x86_64-gcc10-UCRT

Version: 0.9
Check: PDF version of manual without hyperrefs or index
Result: ERROR
    Re-running with no redirection of stdout/stderr.
Flavor: r-devel-windows-x86_64-gcc10-UCRT