CRAN Package Check Results for Package cluster.datasets

Last updated on 2021-09-21 08:49:34 CEST.

Flavor Version Tinstall Tcheck Ttotal Status Flags
r-devel-linux-x86_64-debian-clang 1.0-1 2.12 37.59 39.71 OK
r-devel-linux-x86_64-debian-gcc 1.0-1 1.54 29.89 31.43 OK
r-devel-linux-x86_64-fedora-clang 1.0-1 57.81 OK
r-devel-linux-x86_64-fedora-gcc 1.0-1 48.92 OK
r-devel-windows-x86_64 1.0-1 4.00 49.00 53.00 OK
r-devel-windows-x86_64-gcc10-UCRT 1.0-1 ERROR
r-patched-linux-x86_64 1.0-1 3.56 36.70 40.26 OK
r-patched-solaris-x86 1.0-1 77.30 OK
r-release-linux-x86_64 1.0-1 1.92 37.01 38.93 OK
r-release-macos-arm64 1.0-1 OK
r-release-macos-x86_64 1.0-1 OK
r-release-windows-ix86+x86_64 1.0-1 5.00 46.00 51.00 OK
r-oldrel-macos-x86_64 1.0-1 OK
r-oldrel-windows-ix86+x86_64 1.0-1 4.00 48.00 52.00 OK

Check Details

Version: 1.0-1
Check: whether package can be installed
Result: WARN
    Found the following significant warnings:
     WARNING: installation-time patches will not be applied, could not get the patches index
Flavor: r-devel-windows-x86_64-gcc10-UCRT

Version: 1.0-1
Check: PDF version of manual
Result: WARN
    LaTeX errors when creating PDF version.
    This typically indicates Rd problems.
Flavor: r-devel-windows-x86_64-gcc10-UCRT

Version: 1.0-1
Check: PDF version of manual without hyperrefs or index
Result: ERROR
    Re-running with no redirection of stdout/stderr.
Flavor: r-devel-windows-x86_64-gcc10-UCRT