CRAN Package Check Results for Package clustDRM

Last updated on 2021-09-27 08:49:30 CEST.

Flavor Version Tinstall Tcheck Ttotal Status Flags
r-devel-linux-x86_64-debian-clang 0.1-0 27.05 184.90 211.95 OK
r-devel-linux-x86_64-debian-gcc 0.1-0 21.26 135.72 156.98 OK
r-devel-linux-x86_64-fedora-clang 0.1-0 259.58 NOTE
r-devel-linux-x86_64-fedora-gcc 0.1-0 250.20 NOTE
r-devel-windows-x86_64 0.1-0 22.00 146.00 168.00 WARN
r-devel-windows-x86_64-gcc10-UCRT 0.1-0 WARN
r-patched-linux-x86_64 0.1-0 26.82 176.77 203.59 OK
r-patched-solaris-x86 0.1-0 356.80 NOTE
r-release-linux-x86_64 0.1-0 25.53 174.72 200.25 OK
r-release-macos-arm64 0.1-0 ERROR
r-release-macos-x86_64 0.1-0 ERROR
r-release-windows-ix86+x86_64 0.1-0 48.00 138.00 186.00 OK
r-oldrel-macos-x86_64 0.1-0 ERROR
r-oldrel-windows-ix86+x86_64 0.1-0 37.00 144.00 181.00 OK

Check Details

Version: 0.1-0
Check: dependencies in R code
Result: NOTE
    Namespace in Imports field not imported from: ‘DT’
     All declared Imports should be used.
Flavors: r-devel-linux-x86_64-fedora-clang, r-devel-linux-x86_64-fedora-gcc, r-devel-windows-x86_64-gcc10-UCRT, r-patched-solaris-x86

Version: 0.1-0
Check: whether package can be installed
Result: WARN
    Found the following significant warnings:
     Warning: 'memory.limit()' is no longer supported
Flavors: r-devel-windows-x86_64, r-devel-windows-x86_64-gcc10-UCRT

Version: 0.1-0
Check: package dependencies
Result: ERROR
    Package required but not available: ‘IsoGene’
    
    See section ‘The DESCRIPTION file’ in the ‘Writing R Extensions’
    manual.
Flavors: r-release-macos-arm64, r-release-macos-x86_64, r-oldrel-macos-x86_64