CRAN Package Check Results for Package cluscov

Last updated on 2024-02-26 19:50:04 CET.

Flavor Version Tinstall Tcheck Ttotal Status Flags
r-devel-linux-x86_64-debian-clang 1.1.0 3.77 31.28 35.05 NOTE
r-devel-linux-x86_64-debian-gcc 1.1.0 3.14 24.72 27.86 NOTE
r-devel-linux-x86_64-fedora-clang 1.1.0 45.48 NOTE
r-devel-linux-x86_64-fedora-gcc 1.1.0 42.51 NOTE
r-devel-windows-x86_64 1.1.0 7.00 49.00 56.00 NOTE
r-patched-linux-x86_64 1.1.0 4.61 31.74 36.35 NOTE
r-release-linux-x86_64 1.1.0 2.60 31.58 34.18 NOTE
r-release-macos-arm64 1.1.0 19.00 NOTE
r-release-macos-x86_64 1.1.0 27.00 NOTE
r-release-windows-x86_64 1.1.0 8.00 53.00 61.00 NOTE
r-oldrel-macos-arm64 1.1.0 23.00 NOTE
r-oldrel-windows-x86_64 1.1.0 7.00 57.00 64.00 NOTE

Check Details

Version: 1.1.0
Check: package subdirectories
Result: NOTE Problems with news in ‘NEWS.md’: No news entries found. Flavors: r-devel-linux-x86_64-debian-clang, r-devel-linux-x86_64-debian-gcc, r-devel-linux-x86_64-fedora-clang, r-devel-linux-x86_64-fedora-gcc, r-devel-windows-x86_64, r-patched-linux-x86_64, r-release-linux-x86_64, r-release-macos-arm64, r-release-macos-x86_64, r-release-windows-x86_64

Version: 1.1.0
Check: LazyData
Result: NOTE 'LazyData' is specified without a 'data' directory Flavors: r-devel-linux-x86_64-debian-clang, r-devel-linux-x86_64-debian-gcc, r-devel-linux-x86_64-fedora-clang, r-devel-linux-x86_64-fedora-gcc, r-devel-windows-x86_64, r-patched-linux-x86_64, r-release-linux-x86_64, r-release-macos-arm64, r-release-macos-x86_64, r-release-windows-x86_64, r-oldrel-macos-arm64, r-oldrel-windows-x86_64