CRAN Package Check Results for Package clue

Last updated on 2023-01-27 08:52:33 CET.

Flavor Version Tinstall Tcheck Ttotal Status Flags
r-devel-linux-x86_64-debian-clang 0.3-63 11.48 85.31 96.79 OK
r-devel-linux-x86_64-debian-gcc 0.3-63 8.88 64.50 73.38 OK
r-devel-linux-x86_64-fedora-clang 0.3-63 118.87 NOTE
r-devel-linux-x86_64-fedora-gcc 0.3-63 131.00 OK
r-devel-windows-x86_64 0.3-63 84.00 145.00 229.00 OK
r-patched-linux-x86_64 0.3-63 12.39 77.46 89.85 OK
r-release-linux-x86_64 0.3-63 10.16 79.33 89.49 OK
r-release-macos-arm64 0.3-63 51.00 OK
r-release-macos-x86_64 0.3-63 73.00 OK
r-release-windows-x86_64 0.3-63 100.00 144.00 244.00 OK
r-oldrel-macos-arm64 0.3-63 52.00 OK
r-oldrel-macos-x86_64 0.3-63 77.00 OK
r-oldrel-windows-ix86+x86_64 0.3-63 23.00 128.00 151.00 OK

Check Details

Version: 0.3-63
Check: Rd cross-references
Result: NOTE
    Undeclared packages ‘mlbench’, ‘fpc’ in Rd xrefs
Flavor: r-devel-linux-x86_64-fedora-clang