CRAN Package Check Results for Package clinspacy

Last updated on 2021-09-26 20:49:03 CEST.

Flavor Version Tinstall Tcheck Ttotal Status Flags
r-devel-linux-x86_64-debian-clang 1.0.2 3.17 31.04 34.21 NOTE
r-devel-linux-x86_64-debian-gcc 1.0.2 2.29 23.91 26.20 NOTE
r-devel-linux-x86_64-fedora-clang 1.0.2 49.99 NOTE
r-devel-linux-x86_64-fedora-gcc 1.0.2 37.52 NOTE
r-devel-windows-x86_64 1.0.2 4.00 39.00 43.00 NOTE
r-devel-windows-x86_64-gcc10-UCRT 1.0.2 NOTE
r-patched-linux-x86_64 1.0.2 3.07 29.24 32.31 NOTE
r-patched-solaris-x86 1.0.2 60.30 NOTE
r-release-linux-x86_64 1.0.2 2.71 29.31 32.02 NOTE
r-release-macos-arm64 1.0.2 NOTE
r-release-macos-x86_64 1.0.2 NOTE
r-release-windows-ix86+x86_64 1.0.2 6.00 38.00 44.00 NOTE
r-oldrel-macos-x86_64 1.0.2 OK
r-oldrel-windows-ix86+x86_64 1.0.2 29.00 33.00 62.00 OK

Check Details

Version: 1.0.2
Check: LazyData
Result: NOTE
     'LazyData' is specified without a 'data' directory
Flavors: r-devel-linux-x86_64-debian-clang, r-devel-linux-x86_64-debian-gcc, r-devel-linux-x86_64-fedora-clang, r-devel-linux-x86_64-fedora-gcc, r-devel-windows-x86_64, r-devel-windows-x86_64-gcc10-UCRT, r-patched-linux-x86_64, r-patched-solaris-x86, r-release-linux-x86_64, r-release-macos-arm64, r-release-macos-x86_64, r-release-windows-ix86+x86_64