Last updated on 2022-07-02 21:52:11 CEST.
Flavor | Version | Tinstall | Tcheck | Ttotal | Status | Flags |
---|---|---|---|---|---|---|
r-devel-linux-x86_64-debian-clang | 0.1.1 | 9.68 | 114.44 | 124.12 | NOTE | |
r-devel-linux-x86_64-debian-gcc | 0.1.1 | 7.46 | 82.57 | 90.03 | NOTE | |
r-devel-linux-x86_64-fedora-clang | 0.1.1 | 151.23 | NOTE | |||
r-devel-linux-x86_64-fedora-gcc | 0.1.1 | 149.66 | NOTE | |||
r-devel-windows-x86_64 | 0.1.1 | 55.00 | 183.00 | 238.00 | NOTE | |
r-patched-linux-x86_64 | 0.1.1 | 12.34 | 105.12 | 117.46 | OK | |
r-release-linux-x86_64 | 0.1.1 | 5.35 | 104.88 | 110.23 | OK | |
r-release-macos-arm64 | 0.1.1 | 51.00 | NOTE | |||
r-release-macos-x86_64 | 0.1.1 | 81.00 | NOTE | |||
r-release-windows-x86_64 | 0.1.1 | 48.00 | 188.00 | 236.00 | NOTE | |
r-oldrel-macos-arm64 | 0.1.1 | 48.00 | NOTE | |||
r-oldrel-macos-x86_64 | 0.1.1 | 63.00 | NOTE | |||
r-oldrel-windows-ix86+x86_64 | 0.1.1 | 20.00 | 203.00 | 223.00 | NOTE |
Version: 0.1.1
Check: Rd files
Result: NOTE
checkRd: (-1) dataADaMCDISCP01.Rd:48: Escaped LaTeX specials: \&
Flavors: r-devel-linux-x86_64-debian-clang, r-devel-linux-x86_64-debian-gcc, r-devel-linux-x86_64-fedora-clang, r-devel-linux-x86_64-fedora-gcc, r-devel-windows-x86_64
Version: 0.1.1
Check: installed package size
Result: NOTE
installed size is 6.7Mb
sub-directories of 1Mb or more:
doc 5.7Mb
Flavors: r-devel-linux-x86_64-fedora-clang, r-devel-windows-x86_64, r-release-macos-arm64, r-release-macos-x86_64, r-release-windows-x86_64, r-oldrel-macos-arm64, r-oldrel-macos-x86_64, r-oldrel-windows-ix86+x86_64