CRAN Package Check Results for Package clidatajp

Last updated on 2024-02-24 19:50:34 CET.

Flavor Version Tinstall Tcheck Ttotal Status Flags
r-devel-linux-x86_64-debian-clang 0.5.2 4.87 55.04 59.91 OK
r-devel-linux-x86_64-debian-gcc 0.5.2 3.39 40.99 44.38 OK
r-devel-linux-x86_64-fedora-clang 0.5.2 76.53 NOTE
r-devel-linux-x86_64-fedora-gcc 0.5.2 87.08 NOTE
r-devel-windows-x86_64 0.5.2 8.00 82.00 90.00 OK
r-patched-linux-x86_64 0.5.2 4.74 53.67 58.41 OK
r-release-linux-x86_64 0.5.2 3.98 53.39 57.37 OK
r-release-macos-arm64 0.5.2 45.00 OK
r-release-macos-x86_64 0.5.2 60.00 OK
r-release-windows-x86_64 0.5.2 10.00 95.00 105.00 OK
r-oldrel-macos-arm64 0.5.2 54.00 OK
r-oldrel-windows-x86_64 0.5.2 8.00 96.00 104.00 OK

Check Details

Version: 0.5.2
Check: data for non-ASCII characters
Result: NOTE Note: found 10332 marked UTF-8 strings Flavors: r-devel-linux-x86_64-fedora-clang, r-devel-linux-x86_64-fedora-gcc