CRAN Package Check Results for Package clespr

Last updated on 2022-07-04 21:49:38 CEST.

Flavor Version Tinstall Tcheck Ttotal Status Flags
r-devel-linux-x86_64-debian-clang 1.1.2 8.26 81.61 89.87 NOTE
r-devel-linux-x86_64-debian-gcc 1.1.2 7.79 60.47 68.26 NOTE
r-devel-linux-x86_64-fedora-clang 1.1.2 117.03 NOTE
r-devel-linux-x86_64-fedora-gcc 1.1.2 118.02 NOTE
r-devel-windows-x86_64 1.1.2 14.00 103.00 117.00 NOTE
r-patched-linux-x86_64 1.1.2 8.95 78.07 87.02 NOTE
r-release-linux-x86_64 1.1.2 8.08 78.01 86.09 NOTE
r-release-macos-arm64 1.1.2 36.00 NOTE
r-release-macos-x86_64 1.1.2 58.00 NOTE
r-release-windows-x86_64 1.1.2 14.00 103.00 117.00 NOTE
r-oldrel-macos-arm64 1.1.2 53.00 NOTE
r-oldrel-macos-x86_64 1.1.2 72.00 NOTE
r-oldrel-windows-ix86+x86_64 1.1.2 23.00 100.00 123.00 NOTE

Check Details

Version: 1.1.2
Check: LazyData
Result: NOTE
     'LazyData' is specified without a 'data' directory
Flavors: r-devel-linux-x86_64-debian-clang, r-devel-linux-x86_64-debian-gcc, r-devel-linux-x86_64-fedora-clang, r-devel-linux-x86_64-fedora-gcc, r-devel-windows-x86_64, r-patched-linux-x86_64, r-release-linux-x86_64, r-release-macos-arm64, r-release-macos-x86_64, r-release-windows-x86_64, r-oldrel-macos-arm64, r-oldrel-macos-x86_64, r-oldrel-windows-ix86+x86_64