CRAN Package Check Results for Package cleaner

Last updated on 2021-10-24 20:50:58 CEST.

Flavor Version Tinstall Tcheck Ttotal Status Flags
r-devel-linux-x86_64-debian-clang 1.5.3 5.53 41.96 47.49 OK
r-devel-linux-x86_64-debian-gcc 1.5.3 3.75 31.64 35.39 OK
r-devel-linux-x86_64-fedora-clang 1.5.3 68.27 OK
r-devel-linux-x86_64-fedora-gcc 1.5.3 57.42 OK
r-devel-windows-x86_64 1.5.3 8.00 61.00 69.00 WARN
r-devel-windows-x86_64-gcc10-UCRT 1.5.3 WARN
r-patched-linux-x86_64 1.5.3 4.78 39.84 44.62 OK
r-patched-solaris-x86 1.5.3 81.30 OK
r-release-linux-x86_64 1.5.3 4.47 39.79 44.26 OK
r-release-macos-arm64 1.5.3 OK
r-release-macos-x86_64 1.5.3 OK
r-release-windows-ix86+x86_64 1.5.3 8.00 62.00 70.00 OK
r-oldrel-macos-x86_64 1.5.3 OK
r-oldrel-windows-ix86+x86_64 1.5.3 10.00 62.00 72.00 WARN

Check Details

Version: 1.5.3
Check: R files for syntax errors
Result: WARN
    Warnings in file 'R/currency.R':
     unable to translate '<U+20AC>' to native encoding
     unable to translate '<U+00A5>' to native encoding
     unable to translate '<U+00A3>' to native encoding
Flavors: r-devel-windows-x86_64, r-devel-windows-x86_64-gcc10-UCRT, r-oldrel-windows-ix86+x86_64