CRAN Package Check Results for Package clean

Last updated on 2021-12-03 19:50:06 CET.

Flavor Version Tinstall Tcheck Ttotal Status Flags
r-devel-linux-x86_64-debian-clang 2.0.0 2.57 20.83 23.40 NOTE
r-devel-linux-x86_64-debian-gcc 2.0.0 2.16 16.52 18.68 NOTE
r-devel-linux-x86_64-fedora-clang 2.0.0 39.65 NOTE
r-devel-linux-x86_64-fedora-gcc 2.0.0 28.59 NOTE
r-devel-windows-x86_64-new-UL 2.0.0 8.00 44.00 52.00 NOTE
r-devel-windows-x86_64-new-TK 2.0.0 NOTE
r-devel-windows-x86_64-old 2.0.0 5.00 28.00 33.00 NOTE
r-patched-linux-x86_64 2.0.0 2.67 19.83 22.50 NOTE
r-release-linux-x86_64 2.0.0 2.56 20.00 22.56 NOTE
r-release-macos-arm64 2.0.0 NOTE
r-release-macos-x86_64 2.0.0 NOTE
r-release-windows-ix86+x86_64 2.0.0 7.00 35.00 42.00 NOTE
r-oldrel-macos-x86_64 2.0.0 OK
r-oldrel-windows-ix86+x86_64 2.0.0 7.00 39.00 46.00 OK

Check Details

Version: 2.0.0
Check: LazyData
Result: NOTE
     'LazyData' is specified without a 'data' directory
Flavors: r-devel-linux-x86_64-debian-clang, r-devel-linux-x86_64-debian-gcc, r-devel-linux-x86_64-fedora-clang, r-devel-linux-x86_64-fedora-gcc, r-devel-windows-x86_64-new-UL, r-devel-windows-x86_64-new-TK, r-devel-windows-x86_64-old, r-patched-linux-x86_64, r-release-linux-x86_64, r-release-macos-arm64, r-release-macos-x86_64, r-release-windows-ix86+x86_64