CRAN Package Check Results for Package cld3

Last updated on 2022-01-22 07:52:38 CET.

Flavor Version Tinstall Tcheck Ttotal Status Flags
r-devel-linux-x86_64-debian-clang 1.4.2 63.37 33.57 96.94 OK
r-devel-linux-x86_64-debian-gcc 1.4.2 45.39 26.60 71.99 OK
r-devel-linux-x86_64-fedora-clang 1.4.2 168.56 OK
r-devel-linux-x86_64-fedora-gcc 1.4.2 123.20 OK
r-devel-windows-x86_64-new-UL 1.4.2 192.00 79.00 271.00 OK
r-devel-windows-x86_64-new-TK 1.4.2 OK
r-patched-linux-x86_64 1.4.2 56.25 32.82 89.07 OK
r-release-linux-x86_64 1.4.2 58.05 33.04 91.09 OK
r-release-macos-arm64 1.4.2 NOTE
r-release-macos-x86_64 1.4.2 NOTE
r-release-windows-ix86+x86_64 1.4.2 161.00 72.00 233.00 OK
r-oldrel-macos-x86_64 1.4.2 NOTE
r-oldrel-windows-ix86+x86_64 1.4.2 163.00 78.00 241.00 OK

Additional issues

gcc-UBSAN

Check Details

Version: 1.4.2
Check: installed package size
Result: NOTE
     installed size is 11.7Mb
     sub-directories of 1Mb or more:
     libs 11.6Mb
Flavors: r-release-macos-arm64, r-release-macos-x86_64, r-oldrel-macos-x86_64