CRAN Package Check Results for Package cld2

Last updated on 2022-01-22 07:52:38 CET.

Flavor Version Tinstall Tcheck Ttotal Status Flags
r-devel-linux-x86_64-debian-clang 1.2.1 31.30 35.84 67.14 NOTE
r-devel-linux-x86_64-debian-gcc 1.2.1 23.98 28.16 52.14 NOTE
r-devel-linux-x86_64-fedora-clang 1.2.1 106.92 NOTE
r-devel-linux-x86_64-fedora-gcc 1.2.1 79.74 NOTE
r-devel-windows-x86_64-new-UL 1.2.1 107.00 79.00 186.00 NOTE
r-devel-windows-x86_64-new-TK 1.2.1 NOTE
r-patched-linux-x86_64 1.2.1 31.32 34.88 66.20 NOTE
r-release-linux-x86_64 1.2.1 29.98 35.14 65.12 NOTE
r-release-macos-arm64 1.2.1 NOTE
r-release-macos-x86_64 1.2.1 NOTE
r-release-windows-ix86+x86_64 1.2.1 85.00 74.00 159.00 NOTE
r-oldrel-macos-x86_64 1.2.1 OK
r-oldrel-windows-ix86+x86_64 1.2.1 84.00 78.00 162.00 NOTE

Check Details

Version: 1.2.1
Check: LazyData
Result: NOTE
     'LazyData' is specified without a 'data' directory
Flavors: r-devel-linux-x86_64-debian-clang, r-devel-linux-x86_64-debian-gcc, r-devel-linux-x86_64-fedora-clang, r-devel-linux-x86_64-fedora-gcc, r-devel-windows-x86_64-new-UL, r-devel-windows-x86_64-new-TK, r-patched-linux-x86_64, r-release-linux-x86_64, r-release-macos-arm64, r-release-macos-x86_64, r-release-windows-ix86+x86_64

Version: 1.2.1
Check: installed package size
Result: NOTE
     installed size is 5.4Mb
     sub-directories of 1Mb or more:
     libs 5.4Mb
Flavors: r-release-windows-ix86+x86_64, r-oldrel-windows-ix86+x86_64