CRAN Package Check Results for Package clValid

Last updated on 2021-12-03 19:50:06 CET.

Flavor Version Tinstall Tcheck Ttotal Status Flags
r-devel-linux-x86_64-debian-clang 0.7 5.30 124.21 129.51 OK
r-devel-linux-x86_64-debian-gcc 0.7 3.67 92.36 96.03 OK
r-devel-linux-x86_64-fedora-clang 0.7 165.95 OK
r-devel-linux-x86_64-fedora-gcc 0.7 156.33 OK
r-devel-windows-x86_64-new-UL 0.7 16.00 207.00 223.00 OK
r-devel-windows-x86_64-new-TK 0.7 OK
r-devel-windows-x86_64-old 0.7 12.00 117.00 129.00 OK
r-patched-linux-x86_64 0.7 6.44 118.45 124.89 OK
r-release-linux-x86_64 0.7 5.45 119.05 124.50 OK
r-release-macos-arm64 0.7 NOTE
r-release-macos-x86_64 0.7 NOTE
r-release-windows-ix86+x86_64 0.7 13.00 163.00 176.00 OK
r-oldrel-macos-x86_64 0.7 NOTE
r-oldrel-windows-ix86+x86_64 0.7 14.00 166.00 180.00 OK

Check Details

Version: 0.7
Check: package dependencies
Result: NOTE
    Packages suggested but not available for checking: 'GO.db', 'moe430a.db'
Flavors: r-release-macos-arm64, r-release-macos-x86_64

Version: 0.7
Check: package dependencies
Result: NOTE
    Package suggested but not available for checking: ‘moe430a.db’
Flavor: r-oldrel-macos-x86_64