CRAN Package Check Results for Package ciuupi

Last updated on 2020-07-14 09:50:22 CEST.

Flavor Version Tinstall Tcheck Ttotal Status Flags
r-devel-linux-x86_64-debian-clang 1.1.0 2.42 23.08 25.50 NOTE
r-devel-linux-x86_64-debian-gcc 1.1.0 1.88 18.35 20.23 NOTE
r-devel-linux-x86_64-fedora-clang 1.1.0 39.96 OK
r-devel-linux-x86_64-fedora-gcc 1.1.0 31.46 OK
r-devel-windows-ix86+x86_64 1.1.0 9.00 49.00 58.00 NOTE
r-patched-linux-x86_64 1.1.0 2.35 23.16 25.51 NOTE
r-patched-solaris-x86 1.1.0 48.10 OK
r-release-linux-x86_64 1.1.0 2.61 22.92 25.53 NOTE
r-release-macos-x86_64 1.1.0 ERROR
r-release-windows-ix86+x86_64 1.1.0 9.00 50.00 59.00 NOTE
r-oldrel-macos-x86_64 1.1.0 OK
r-oldrel-windows-ix86+x86_64 1.1.0 14.00 46.00 60.00 OK

Check Details

Version: 1.1.0
Check: package vignettes
Result: NOTE
    Package vignette with placeholder title 'Vignette Title':
     'desciption-ciuupi.Rmd'
Flavors: r-devel-linux-x86_64-debian-clang, r-devel-linux-x86_64-debian-gcc, r-devel-windows-ix86+x86_64, r-patched-linux-x86_64, r-release-linux-x86_64, r-release-windows-ix86+x86_64

Version: 1.1.0
Check: whether package can be installed
Result: ERROR
    Installation failed.
Flavor: r-release-macos-x86_64