Last updated on 2023-01-26 19:49:23 CET.
Flavor | Version | Tinstall | Tcheck | Ttotal | Status | Flags |
---|---|---|---|---|---|---|
r-devel-linux-x86_64-debian-clang | 0.4-1 | 5.59 | 55.64 | 61.23 | NOTE | |
r-devel-linux-x86_64-debian-gcc | 0.4-1 | 4.54 | 41.77 | 46.31 | NOTE | |
r-devel-linux-x86_64-fedora-clang | 0.4-1 | 76.80 | NOTE | |||
r-devel-linux-x86_64-fedora-gcc | 0.4-1 | 87.45 | NOTE | |||
r-devel-windows-x86_64 | 0.4-1 | 24.00 | 83.00 | 107.00 | NOTE | |
r-patched-linux-x86_64 | 0.4-1 | 4.43 | 53.69 | 58.12 | NOTE | |
r-release-linux-x86_64 | 0.4-1 | 4.73 | 54.03 | 58.76 | NOTE | |
r-release-macos-arm64 | 0.4-1 | 28.00 | NOTE | |||
r-release-macos-x86_64 | 0.4-1 | 45.00 | NOTE | |||
r-release-windows-x86_64 | 0.4-1 | 22.00 | 89.00 | 111.00 | NOTE | |
r-oldrel-macos-arm64 | 0.4-1 | 33.00 | NOTE | |||
r-oldrel-macos-x86_64 | 0.4-1 | 40.00 | NOTE | |||
r-oldrel-windows-ix86+x86_64 | 0.4-1 | 14.00 | 79.00 | 93.00 | NOTE |
Version: 0.4-1
Check: LazyData
Result: NOTE
'LazyData' is specified without a 'data' directory
Flavors: r-devel-linux-x86_64-debian-clang, r-devel-linux-x86_64-debian-gcc, r-devel-linux-x86_64-fedora-clang, r-devel-linux-x86_64-fedora-gcc, r-devel-windows-x86_64, r-patched-linux-x86_64, r-release-linux-x86_64, r-release-macos-arm64, r-release-macos-x86_64, r-release-windows-x86_64, r-oldrel-macos-arm64, r-oldrel-macos-x86_64, r-oldrel-windows-ix86+x86_64