CRAN Package Check Results for Package ciftiTools

Last updated on 2022-11-28 18:52:13 CET.

Flavor Version Tinstall Tcheck Ttotal Status Flags
r-devel-linux-x86_64-debian-clang 0.10.2 18.83 115.24 134.07 OK
r-devel-linux-x86_64-debian-gcc 0.10.2 16.36 85.97 102.33 OK
r-devel-linux-x86_64-fedora-clang 0.10.2 184.86 NOTE
r-devel-linux-x86_64-fedora-gcc 0.10.2 183.21 OK
r-devel-windows-x86_64 0.10.2 80.00 155.00 235.00 NOTE
r-patched-linux-x86_64 0.10.2 18.95 99.61 118.56 OK
r-release-linux-x86_64 0.10.2 23.08 101.14 124.22 OK
r-release-macos-arm64 0.10.2 46.00 NOTE
r-release-macos-x86_64 0.10.2 63.00 NOTE
r-release-windows-x86_64 0.10.2 109.00 126.00 235.00 NOTE
r-oldrel-macos-arm64 0.10.2 40.00 NOTE
r-oldrel-macos-x86_64 0.10.2 55.00 NOTE
r-oldrel-windows-ix86+x86_64 0.10.2 35.00 116.00 151.00 NOTE

Check Details

Version: 0.10.2
Check: installed package size
Result: NOTE
     installed size is 6.5Mb
     sub-directories of 1Mb or more:
     R 1.7Mb
     extdata 4.3Mb
Flavors: r-devel-linux-x86_64-fedora-clang, r-devel-windows-x86_64, r-release-macos-arm64, r-release-macos-x86_64, r-release-windows-x86_64, r-oldrel-macos-arm64, r-oldrel-macos-x86_64, r-oldrel-windows-ix86+x86_64