CRAN Package Check Results for Package cicerone

Last updated on 2024-02-26 19:50:04 CET.

Flavor Version Tinstall Tcheck Ttotal Status Flags
r-devel-linux-x86_64-debian-clang 1.0.4 4.08 39.80 43.88 NOTE
r-devel-linux-x86_64-debian-gcc 1.0.4 3.41 30.98 34.39 NOTE
r-devel-linux-x86_64-fedora-clang 1.0.4 54.55 NOTE
r-devel-linux-x86_64-fedora-gcc 1.0.4 52.59 NOTE
r-devel-windows-x86_64 1.0.4 5.00 57.00 62.00 NOTE
r-patched-linux-x86_64 1.0.4 4.44 39.07 43.51 NOTE
r-release-linux-x86_64 1.0.4 3.79 39.50 43.29 NOTE
r-release-macos-arm64 1.0.4 22.00 NOTE
r-release-macos-x86_64 1.0.4 29.00 NOTE
r-release-windows-x86_64 1.0.4 6.00 57.00 63.00 NOTE
r-oldrel-macos-arm64 1.0.4 19.00 NOTE
r-oldrel-windows-x86_64 1.0.4 7.00 62.00 69.00 NOTE

Check Details

Version: 1.0.4
Check: LazyData
Result: NOTE 'LazyData' is specified without a 'data' directory Flavors: r-devel-linux-x86_64-debian-clang, r-devel-linux-x86_64-debian-gcc, r-devel-linux-x86_64-fedora-clang, r-devel-linux-x86_64-fedora-gcc, r-devel-windows-x86_64, r-patched-linux-x86_64, r-release-linux-x86_64, r-release-macos-arm64, r-release-macos-x86_64, r-release-windows-x86_64, r-oldrel-macos-arm64, r-oldrel-windows-x86_64

Version: 1.0.4
Check: dependencies in R code
Result: NOTE Namespace in Imports field not imported from: ‘R6’ All declared Imports should be used. Flavors: r-devel-linux-x86_64-fedora-clang, r-devel-linux-x86_64-fedora-gcc, r-oldrel-macos-arm64