CRAN Package Check Results for Package cicerone

Last updated on 2023-03-31 08:53:56 CEST.

Flavor Version Tinstall Tcheck Ttotal Status Flags
r-devel-linux-x86_64-debian-clang 1.0.4 3.75 37.88 41.63 NOTE
r-devel-linux-x86_64-debian-gcc 1.0.4 3.38 29.62 33.00 NOTE
r-devel-linux-x86_64-fedora-clang 1.0.4 54.22 NOTE
r-devel-linux-x86_64-fedora-gcc 1.0.4 51.81 NOTE
r-devel-windows-x86_64 1.0.4 20.00 0.00 20.00 NOTE
r-patched-linux-x86_64 1.0.4 4.04 37.10 41.14 NOTE
r-release-linux-x86_64 1.0.4 2.82 37.91 40.73 NOTE
r-release-macos-arm64 1.0.4 19.00 NOTE
r-release-macos-x86_64 1.0.4 36.00 NOTE
r-release-windows-x86_64 1.0.4 19.00 77.00 96.00 NOTE
r-oldrel-macos-arm64 1.0.4 26.00 NOTE
r-oldrel-macos-x86_64 1.0.4 36.00 NOTE
r-oldrel-windows-ix86+x86_64 1.0.4 10.00 64.00 74.00 NOTE

Check Details

Version: 1.0.4
Check: LazyData
Result: NOTE
     'LazyData' is specified without a 'data' directory
Flavors: r-devel-linux-x86_64-debian-clang, r-devel-linux-x86_64-debian-gcc, r-devel-linux-x86_64-fedora-clang, r-devel-linux-x86_64-fedora-gcc, r-devel-windows-x86_64, r-patched-linux-x86_64, r-release-linux-x86_64, r-release-macos-arm64, r-release-macos-x86_64, r-release-windows-x86_64, r-oldrel-macos-arm64, r-oldrel-macos-x86_64, r-oldrel-windows-ix86+x86_64

Version: 1.0.4
Check: dependencies in R code
Result: NOTE
    Namespace in Imports field not imported from: ‘R6’
     All declared Imports should be used.
Flavors: r-devel-linux-x86_64-fedora-clang, r-devel-linux-x86_64-fedora-gcc, r-release-macos-arm64, r-release-macos-x86_64, r-oldrel-macos-arm64, r-oldrel-macos-x86_64