CRAN Package Check Results for Package chunked

Last updated on 2021-09-27 20:48:13 CEST.

Flavor Version Tinstall Tcheck Ttotal Status Flags
r-devel-linux-x86_64-debian-clang 0.5.1 3.89 50.20 54.09 NOTE
r-devel-linux-x86_64-debian-gcc 0.5.1 3.12 37.58 40.70 NOTE
r-devel-linux-x86_64-fedora-clang 0.5.1 72.78 NOTE
r-devel-linux-x86_64-fedora-gcc 0.5.1 60.92 NOTE
r-devel-windows-x86_64 0.5.1 6.00 52.00 58.00 NOTE
r-devel-windows-x86_64-gcc10-UCRT 0.5.1 NOTE
r-patched-linux-x86_64 0.5.1 7.84 46.19 54.03 NOTE
r-patched-solaris-x86 0.5.1 89.00 NOTE
r-release-linux-x86_64 0.5.1 3.38 46.50 49.88 NOTE
r-release-macos-arm64 0.5.1 NOTE
r-release-macos-x86_64 0.5.1 NOTE
r-release-windows-ix86+x86_64 0.5.1 11.00 50.00 61.00 NOTE
r-oldrel-macos-x86_64 0.5.1 OK
r-oldrel-windows-ix86+x86_64 0.5.1 8.00 56.00 64.00 OK

Check Details

Version: 0.5.1
Check: LazyData
Result: NOTE
     'LazyData' is specified without a 'data' directory
Flavors: r-devel-linux-x86_64-debian-clang, r-devel-linux-x86_64-debian-gcc, r-devel-linux-x86_64-fedora-clang, r-devel-linux-x86_64-fedora-gcc, r-devel-windows-x86_64, r-devel-windows-x86_64-gcc10-UCRT, r-patched-linux-x86_64, r-patched-solaris-x86, r-release-linux-x86_64, r-release-macos-arm64, r-release-macos-x86_64, r-release-windows-ix86+x86_64