CRAN Package Check Results for Package chromer

Last updated on 2019-08-25 10:46:15 CEST.

Flavor Version Tinstall Tcheck Ttotal Status Flags
r-devel-linux-x86_64-debian-clang 0.1 3.94 33.45 37.39 NOTE
r-devel-linux-x86_64-debian-gcc 0.1 3.36 25.80 29.16 NOTE
r-devel-linux-x86_64-fedora-clang 0.1 46.19 NOTE
r-devel-linux-x86_64-fedora-gcc 0.1 44.13 NOTE
r-devel-windows-ix86+x86_64 0.1 10.00 65.00 75.00 NOTE
r-patched-linux-x86_64 0.1 3.43 31.86 35.29 NOTE
r-patched-solaris-x86 0.1 70.80 NOTE
r-release-linux-x86_64 0.1 3.75 32.14 35.89 NOTE
r-release-windows-ix86+x86_64 0.1 15.00 85.00 100.00 NOTE
r-release-osx-x86_64 0.1 NOTE
r-oldrel-windows-ix86+x86_64 0.1 9.00 61.00 70.00 NOTE
r-oldrel-osx-x86_64 0.1 NOTE

Check Details

Version: 0.1
Check: DESCRIPTION meta-information
Result: NOTE
    Malformed Description field: should contain one or more complete sentences.
Flavors: r-devel-linux-x86_64-debian-clang, r-devel-linux-x86_64-debian-gcc, r-devel-linux-x86_64-fedora-clang, r-devel-linux-x86_64-fedora-gcc, r-devel-windows-ix86+x86_64, r-patched-linux-x86_64, r-patched-solaris-x86, r-release-linux-x86_64, r-release-windows-ix86+x86_64, r-release-osx-x86_64, r-oldrel-windows-ix86+x86_64, r-oldrel-osx-x86_64

Version: 0.1
Check: R code for possible problems
Result: NOTE
    parse_counts: no visible global function definition for 'na.omit'
    Undefined global functions or variables:
     na.omit
    Consider adding
     importFrom("stats", "na.omit")
    to your NAMESPACE file.
Flavors: r-devel-linux-x86_64-debian-clang, r-devel-linux-x86_64-debian-gcc, r-devel-linux-x86_64-fedora-clang, r-devel-linux-x86_64-fedora-gcc, r-devel-windows-ix86+x86_64, r-patched-linux-x86_64, r-patched-solaris-x86, r-release-linux-x86_64, r-release-windows-ix86+x86_64, r-release-osx-x86_64, r-oldrel-windows-ix86+x86_64, r-oldrel-osx-x86_64