CRAN Package Check Results for Package chromer

Last updated on 2020-01-23 09:51:56 CET.

Flavor Version Tinstall Tcheck Ttotal Status Flags
r-devel-linux-x86_64-debian-clang 0.1 4.36 34.58 38.94 NOTE
r-devel-linux-x86_64-debian-gcc 0.1 3.55 27.14 30.69 NOTE
r-devel-linux-x86_64-fedora-clang 0.1 48.09 NOTE
r-devel-linux-x86_64-fedora-gcc 0.1 46.14 NOTE
r-devel-windows-ix86+x86_64 0.1 11.00 68.00 79.00 NOTE
r-devel-windows-ix86+x86_64-gcc8 0.1 15.00 52.00 67.00 NOTE
r-patched-linux-x86_64 0.1 3.63 31.47 35.10 NOTE
r-patched-solaris-x86 0.1 65.60 NOTE
r-release-linux-x86_64 0.1 3.95 31.21 35.16 NOTE
r-release-windows-ix86+x86_64 0.1 9.00 62.00 71.00 NOTE
r-release-osx-x86_64 0.1 NOTE
r-oldrel-windows-ix86+x86_64 0.1 5.00 47.00 52.00 NOTE
r-oldrel-osx-x86_64 0.1 NOTE

Check Details

Version: 0.1
Check: DESCRIPTION meta-information
Result: NOTE
    Malformed Description field: should contain one or more complete sentences.
Flavors: r-devel-linux-x86_64-debian-clang, r-devel-linux-x86_64-debian-gcc, r-devel-linux-x86_64-fedora-clang, r-devel-linux-x86_64-fedora-gcc, r-devel-windows-ix86+x86_64, r-devel-windows-ix86+x86_64-gcc8, r-patched-linux-x86_64, r-patched-solaris-x86, r-release-linux-x86_64, r-release-windows-ix86+x86_64, r-release-osx-x86_64, r-oldrel-windows-ix86+x86_64, r-oldrel-osx-x86_64

Version: 0.1
Check: R code for possible problems
Result: NOTE
    parse_counts: no visible global function definition for 'na.omit'
    Undefined global functions or variables:
     na.omit
    Consider adding
     importFrom("stats", "na.omit")
    to your NAMESPACE file.
Flavors: r-devel-linux-x86_64-debian-clang, r-devel-linux-x86_64-debian-gcc, r-devel-linux-x86_64-fedora-clang, r-devel-linux-x86_64-fedora-gcc, r-devel-windows-ix86+x86_64, r-devel-windows-ix86+x86_64-gcc8, r-patched-linux-x86_64, r-patched-solaris-x86, r-release-linux-x86_64, r-release-windows-ix86+x86_64, r-release-osx-x86_64, r-oldrel-windows-ix86+x86_64, r-oldrel-osx-x86_64