CRAN Package Check Results for Package chromConverter

Last updated on 2023-02-03 19:51:57 CET.

Flavor Version Tinstall Tcheck Ttotal Status Flags
r-devel-linux-x86_64-debian-clang 0.2.1 10.33 99.87 110.20 NOTE
r-devel-linux-x86_64-debian-gcc 0.2.1 8.04 75.01 83.05 NOTE
r-devel-linux-x86_64-fedora-clang 0.2.1 142.27 NOTE
r-devel-linux-x86_64-fedora-gcc 0.2.1 139.13 NOTE
r-patched-linux-x86_64 0.2.1 8.95 94.39 103.34 NOTE
r-release-linux-x86_64 0.2.1 10.68 94.35 105.03 NOTE
r-release-macos-arm64 0.2.1 41.00 NOTE
r-release-macos-x86_64 0.2.1 60.00 NOTE
r-release-windows-x86_64 0.2.1 65.00 151.00 216.00 NOTE
r-oldrel-macos-arm64 0.2.1 44.00 NOTE
r-oldrel-macos-x86_64 0.2.1 61.00 NOTE
r-oldrel-windows-ix86+x86_64 0.2.1 26.00 119.00 145.00 NOTE

Check Details

Version: 0.2.1
Check: package dependencies
Result: NOTE
    Package suggested but not available for checking: ‘entab’
Flavors: r-devel-linux-x86_64-debian-clang, r-devel-linux-x86_64-debian-gcc, r-devel-linux-x86_64-fedora-clang, r-devel-linux-x86_64-fedora-gcc, r-patched-linux-x86_64, r-release-linux-x86_64, r-release-macos-arm64, r-release-macos-x86_64, r-release-windows-x86_64, r-oldrel-macos-arm64, r-oldrel-macos-x86_64, r-oldrel-windows-ix86+x86_64

Version: 0.2.1
Check: dependencies in R code
Result: NOTE
    Namespace in Imports field not imported from: ‘readr’
     All declared Imports should be used.
Flavors: r-devel-linux-x86_64-fedora-clang, r-devel-linux-x86_64-fedora-gcc, r-release-macos-arm64, r-release-macos-x86_64, r-oldrel-macos-arm64, r-oldrel-macos-x86_64