CRAN Package Check Results for Package chorrrds

Last updated on 2021-12-01 19:51:31 CET.

Flavor Version Tinstall Tcheck Ttotal Status Flags
r-devel-linux-x86_64-debian-clang 0.1.9.5 7.18 45.40 52.58 OK
r-devel-linux-x86_64-debian-gcc 0.1.9.5 6.61 37.06 43.67 OK
r-devel-linux-x86_64-fedora-clang 0.1.9.5 75.94 NOTE
r-devel-linux-x86_64-fedora-gcc 0.1.9.5 64.87 NOTE
r-devel-windows-x86_64-new-UL 0.1.9.5 15.00 96.00 111.00 OK
r-devel-windows-x86_64-new-TK 0.1.9.5 NOTE
r-devel-windows-x86_64-old 0.1.9.5 12.00 48.00 60.00 OK
r-patched-linux-x86_64 0.1.9.5 7.73 43.51 51.24 OK
r-patched-solaris-x86 0.1.9.5 105.10 NOTE
r-release-linux-x86_64 0.1.9.5 7.15 44.12 51.27 OK
r-release-macos-arm64 0.1.9.5 NOTE
r-release-macos-x86_64 0.1.9.5 NOTE
r-release-windows-ix86+x86_64 0.1.9.5 16.00 51.00 67.00 OK
r-oldrel-macos-x86_64 0.1.9.5 NOTE
r-oldrel-windows-ix86+x86_64 0.1.9.5 11.00 52.00 63.00 OK

Check Details

Version: 0.1.9.5
Check: dependencies in R code
Result: NOTE
    Namespace in Imports field not imported from: ‘forcats’
     All declared Imports should be used.
Flavors: r-devel-linux-x86_64-fedora-clang, r-devel-linux-x86_64-fedora-gcc, r-devel-windows-x86_64-new-TK, r-patched-solaris-x86, r-release-macos-arm64, r-release-macos-x86_64, r-oldrel-macos-x86_64

Version: 0.1.9.5
Check: data for non-ASCII characters
Result: NOTE
     Note: found 4004 marked UTF-8 strings
Flavors: r-devel-linux-x86_64-fedora-clang, r-devel-linux-x86_64-fedora-gcc, r-devel-windows-x86_64-new-TK, r-patched-solaris-x86, r-release-macos-arm64, r-release-macos-x86_64, r-oldrel-macos-x86_64