CRAN Package Check Results for Package chillR

Last updated on 2021-09-27 08:49:30 CEST.

Flavor Version Tinstall Tcheck Ttotal Status Flags
r-devel-linux-x86_64-debian-clang 0.72.4 43.78 280.12 323.90 OK
r-devel-linux-x86_64-debian-gcc 0.72.4 31.06 201.60 232.66 OK
r-devel-linux-x86_64-fedora-clang 0.72.4 412.54 NOTE
r-devel-linux-x86_64-fedora-gcc 0.72.4 382.40 OK
r-devel-windows-x86_64 0.72.4 48.00 302.00 350.00 OK
r-devel-windows-x86_64-gcc10-UCRT 0.72.4 OK
r-patched-linux-x86_64 0.72.4 27.92 272.26 300.18 OK
r-patched-solaris-x86 0.72.4 413.50 OK
r-release-linux-x86_64 0.72.4 33.20 271.28 304.48 OK
r-release-macos-arm64 0.72.4 OK
r-release-macos-x86_64 0.72.4 OK
r-release-windows-ix86+x86_64 0.72.4 93.00 371.00 464.00 OK
r-oldrel-macos-x86_64 0.72.4 OK
r-oldrel-windows-ix86+x86_64 0.72.4 66.00 370.00 436.00 OK

Check Details

Version: 0.72.4
Check: package dependencies
Result: NOTE
    Imports includes 21 non-default packages.
    Importing from so many packages makes the package vulnerable to any of
    them becoming unavailable. Move as many as possible to Suggests and
    use conditionally.
Flavor: r-devel-linux-x86_64-fedora-clang