CRAN Package Check Results for Package childsds

Last updated on 2024-02-21 19:53:10 CET.

Flavor Version Tinstall Tcheck Ttotal Status Flags
r-devel-linux-x86_64-debian-clang 0.8.0 OK
r-devel-linux-x86_64-debian-gcc 0.8.0 6.55 43.56 50.11 OK
r-devel-linux-x86_64-fedora-clang 0.8.0 81.46 NOTE
r-devel-linux-x86_64-fedora-gcc 0.8.0 76.61 NOTE
r-devel-windows-x86_64 0.8.0 9.00 69.00 78.00 OK
r-patched-linux-x86_64 0.8.0 5.47 56.59 62.06 OK
r-release-linux-x86_64 0.8.0 6.97 55.64 62.61 OK
r-release-macos-arm64 0.8.0 28.00 OK
r-release-macos-x86_64 0.8.0 41.00 OK
r-release-windows-x86_64 0.8.0 10.00 79.00 89.00 OK
r-oldrel-macos-arm64 0.8.0 25.00 NOTE
r-oldrel-windows-x86_64 0.8.0 13.00 71.00 84.00 OK

Check Details

Version: 0.8.0
Check: dependencies in R code
Result: NOTE Namespace in Imports field not imported from: ‘gamlss.dist’ All declared Imports should be used. Flavors: r-devel-linux-x86_64-fedora-clang, r-devel-linux-x86_64-fedora-gcc, r-oldrel-macos-arm64

Version: 0.8.0
Check: data for non-ASCII characters
Result: NOTE Note: found 32 marked UTF-8 strings Flavors: r-devel-linux-x86_64-fedora-clang, r-devel-linux-x86_64-fedora-gcc, r-oldrel-macos-arm64