CRAN Package Check Results for Package cherry

Last updated on 2022-10-05 10:51:36 CEST.

Flavor Version Tinstall Tcheck Ttotal Status Flags
r-devel-linux-x86_64-debian-clang 0.6-14 8.46 71.98 80.44 OK
r-devel-linux-x86_64-debian-gcc 0.6-14 6.13 53.99 60.12 OK
r-devel-linux-x86_64-fedora-clang 0.6-14 112.20 OK
r-devel-linux-x86_64-fedora-gcc 0.6-14 102.64 OK
r-devel-windows-x86_64 0.6-14 22.00 120.00 142.00 OK
r-patched-linux-x86_64 0.6-14 6.16 68.02 74.18 OK
r-release-linux-x86_64 0.6-14 5.98 67.31 73.29 OK
r-release-macos-arm64 0.6-14 29.00 NOTE
r-release-macos-x86_64 0.6-14 45.00 OK
r-release-windows-x86_64 0.6-14 29.00 121.00 150.00 OK
r-oldrel-macos-arm64 0.6-14 42.00 OK
r-oldrel-macos-x86_64 0.6-14 62.00 OK
r-oldrel-windows-ix86+x86_64 0.6-14 15.00 100.00 115.00 OK

Check Details

Version: 0.6-14
Check: package dependencies
Result: NOTE
    Package suggested but not available for checking: ‘multtest’
Flavor: r-release-macos-arm64