CRAN Package Check Results for Package cheatsheet

Last updated on 2021-12-07 19:49:40 CET.

Flavor Version Tinstall Tcheck Ttotal Status Flags
r-devel-linux-x86_64-debian-clang 0.1.0 2.29 236.41 238.70 OK
r-devel-linux-x86_64-debian-gcc 0.1.0 1.72 187.26 188.98 OK
r-devel-linux-x86_64-fedora-clang 0.1.0 191.39 NOTE
r-devel-linux-x86_64-fedora-gcc 0.1.0 177.18 NOTE
r-devel-windows-x86_64-new-UL 0.1.0 7.00 335.00 342.00 OK
r-devel-windows-x86_64-new-TK 0.1.0 NOTE
r-devel-windows-x86_64-old 0.1.0 5.00 388.00 393.00 OK
r-patched-linux-x86_64 0.1.0 2.15 227.67 229.82 OK
r-release-linux-x86_64 0.1.0 2.24 230.48 232.72 OK
r-release-macos-arm64 0.1.0 NOTE
r-release-macos-x86_64 0.1.0 NOTE
r-release-windows-ix86+x86_64 0.1.0 5.00 314.00 319.00 OK
r-oldrel-macos-x86_64 0.1.0 NOTE
r-oldrel-windows-ix86+x86_64 0.1.0 6.00 384.00 390.00 OK

Check Details

Version: 0.1.0
Check: dependencies in R code
Result: NOTE
    Namespaces in Imports field not imported from:
     ‘rappdirs’ ‘stringr’
     All declared Imports should be used.
Flavors: r-devel-linux-x86_64-fedora-clang, r-devel-linux-x86_64-fedora-gcc, r-devel-windows-x86_64-new-TK, r-release-macos-arm64, r-release-macos-x86_64, r-oldrel-macos-x86_64