CRAN Package Check Results for Package chantrics

Last updated on 2024-02-24 19:50:34 CET.

Flavor Version Tinstall Tcheck Ttotal Status Flags
r-devel-linux-x86_64-debian-clang 1.0.0 3.31 131.21 134.52 OK
r-devel-linux-x86_64-debian-gcc 1.0.0 2.68 98.58 101.26 OK
r-devel-linux-x86_64-fedora-clang 1.0.0 181.94 NOTE
r-devel-linux-x86_64-fedora-gcc 1.0.0 185.34 NOTE
r-devel-windows-x86_64 1.0.0 4.00 117.00 121.00 OK
r-patched-linux-x86_64 1.0.0 2.94 127.09 130.03 OK
r-release-linux-x86_64 1.0.0 2.82 124.53 127.35 OK
r-release-macos-arm64 1.0.0 57.00 OK
r-release-macos-x86_64 1.0.0 99.00 OK
r-release-windows-x86_64 1.0.0 5.00 152.00 157.00 OK
r-oldrel-macos-arm64 1.0.0 45.00 NOTE
r-oldrel-windows-x86_64 1.0.0 5.00 142.00 147.00 OK

Check Details

Version: 1.0.0
Check: dependencies in R code
Result: NOTE Namespaces in Imports field not imported from: ‘AER’ ‘graphics’ ‘lmtest’ All declared Imports should be used. Flavors: r-devel-linux-x86_64-fedora-clang, r-devel-linux-x86_64-fedora-gcc, r-oldrel-macos-arm64