CRAN Package Check Results for Package changepointsVar

Last updated on 2022-07-04 21:49:38 CEST.

Flavor Version Tinstall Tcheck Ttotal Status Flags
r-devel-linux-x86_64-debian-clang 0.1.0 2.77 24.94 27.71 NOTE
r-devel-linux-x86_64-debian-gcc 0.1.0 2.13 19.26 21.39 NOTE
r-devel-linux-x86_64-fedora-clang 0.1.0 44.11 NOTE
r-devel-linux-x86_64-fedora-gcc 0.1.0 42.91 NOTE
r-devel-windows-x86_64 0.1.0 30.00 48.00 78.00 NOTE
r-patched-linux-x86_64 0.1.0 2.99 23.98 26.97 NOTE
r-release-linux-x86_64 0.1.0 2.52 23.76 26.28 NOTE
r-release-macos-arm64 0.1.0 15.00 NOTE
r-release-macos-x86_64 0.1.0 22.00 NOTE
r-release-windows-x86_64 0.1.0 5.00 49.00 54.00 NOTE
r-oldrel-macos-arm64 0.1.0 24.00 NOTE
r-oldrel-macos-x86_64 0.1.0 29.00 NOTE
r-oldrel-windows-ix86+x86_64 0.1.0 6.00 42.00 48.00 NOTE

Check Details

Version: 0.1.0
Check: LazyData
Result: NOTE
     'LazyData' is specified without a 'data' directory
Flavors: r-devel-linux-x86_64-debian-clang, r-devel-linux-x86_64-debian-gcc, r-devel-linux-x86_64-fedora-clang, r-devel-linux-x86_64-fedora-gcc, r-devel-windows-x86_64, r-patched-linux-x86_64, r-release-linux-x86_64, r-release-macos-arm64, r-release-macos-x86_64, r-release-windows-x86_64, r-oldrel-macos-arm64, r-oldrel-macos-x86_64, r-oldrel-windows-ix86+x86_64