CRAN Package Check Results for Package changepoint

Last updated on 2021-11-27 19:49:29 CET.

Flavor Version Tinstall Tcheck Ttotal Status Flags
r-devel-linux-x86_64-debian-clang 2.2.2 NOTE
r-devel-linux-x86_64-debian-gcc 2.2.2 7.96 223.44 231.40 NOTE
r-devel-linux-x86_64-fedora-clang 2.2.2 374.92 NOTE
r-devel-linux-x86_64-fedora-gcc 2.2.2 358.07 NOTE
r-devel-windows-x86_64-new-UL 2.2.2 51.00 327.00 378.00 NOTE
r-devel-windows-x86_64-new-TK 2.2.2 NOTE
r-devel-windows-x86_64-old 2.2.2 16.00 366.00 382.00 NOTE
r-patched-linux-x86_64 2.2.2 11.43 293.60 305.03 NOTE
r-patched-solaris-x86 2.2.2 428.30 NOTE
r-release-linux-x86_64 2.2.2 NOTE
r-release-macos-arm64 2.2.2 NOTE
r-release-macos-x86_64 2.2.2 NOTE
r-release-windows-ix86+x86_64 2.2.2 26.00 463.00 489.00 NOTE
r-oldrel-macos-x86_64 2.2.2 NOTE
r-oldrel-windows-ix86+x86_64 2.2.2 19.00 684.00 703.00 NOTE

Check Details

Version: 2.2.2
Check: DESCRIPTION meta-information
Result: NOTE
    BugReports field is not a suitable URL but contains an email address:
     use the Contact field instead
Flavors: r-devel-linux-x86_64-debian-clang, r-devel-linux-x86_64-debian-gcc, r-devel-linux-x86_64-fedora-clang, r-devel-linux-x86_64-fedora-gcc, r-devel-windows-x86_64-new-UL, r-devel-windows-x86_64-new-TK, r-devel-windows-x86_64-old, r-patched-linux-x86_64, r-patched-solaris-x86, r-release-linux-x86_64, r-release-macos-arm64, r-release-macos-x86_64, r-release-windows-ix86+x86_64, r-oldrel-macos-x86_64, r-oldrel-windows-ix86+x86_64

Version: 2.2.2
Check: compiled code
Result: NOTE
    File ‘changepoint/libs/changepoint.so’:
     Found no calls to: ‘R_registerRoutines’, ‘R_useDynamicSymbols’
    
    It is good practice to register native routines and to disable symbol
    search.
    
    See ‘Writing portable packages’ in the ‘Writing R Extensions’ manual.
Flavors: r-devel-linux-x86_64-fedora-clang, r-devel-linux-x86_64-fedora-gcc