CRAN Package Check Results for Package cesR

Last updated on 2023-01-26 19:49:23 CET.

Flavor Version Tinstall Tcheck Ttotal Status Flags
r-devel-linux-x86_64-debian-clang 0.1.0 2.57 35.58 38.15 NOTE
r-devel-linux-x86_64-debian-gcc 0.1.0 2.41 27.63 30.04 NOTE
r-devel-linux-x86_64-fedora-clang 0.1.0 49.02 NOTE
r-devel-linux-x86_64-fedora-gcc 0.1.0 57.40 NOTE
r-devel-windows-x86_64 0.1.0 14.00 63.00 77.00 NOTE
r-patched-linux-x86_64 0.1.0 2.81 34.96 37.77 OK
r-release-linux-x86_64 0.1.0 2.04 35.75 37.79 OK
r-release-macos-arm64 0.1.0 24.00 OK
r-release-macos-x86_64 0.1.0 37.00 OK
r-release-windows-x86_64 0.1.0 11.00 65.00 76.00 OK
r-oldrel-macos-arm64 0.1.0 35.00 OK
r-oldrel-macos-x86_64 0.1.0 33.00 OK
r-oldrel-windows-ix86+x86_64 0.1.0 7.00 62.00 69.00 OK

Check Details

Version: 0.1.0
Check: package subdirectories
Result: NOTE
    Problems with news in ‘NEWS.md’:
    No news entries found.
Flavors: r-devel-linux-x86_64-debian-clang, r-devel-linux-x86_64-debian-gcc, r-devel-linux-x86_64-fedora-clang, r-devel-linux-x86_64-fedora-gcc, r-devel-windows-x86_64