CRAN Package Check Results for Package ceramic

Last updated on 2021-12-05 07:49:06 CET.

Flavor Version Tinstall Tcheck Ttotal Status Flags
r-devel-linux-x86_64-debian-clang 0.6.0 26.24 244.36 270.60 NOTE
r-devel-linux-x86_64-debian-gcc 0.6.0 20.15 183.71 203.86 NOTE
r-devel-linux-x86_64-fedora-clang 0.6.0 328.70 NOTE
r-devel-linux-x86_64-fedora-gcc 0.6.0 340.13 NOTE
r-devel-windows-x86_64-new-UL 0.6.0 48.00 268.00 316.00 NOTE
r-devel-windows-x86_64-new-TK 0.6.0 NOTE
r-devel-windows-x86_64-old 0.6.0 45.00 191.00 236.00 NOTE
r-patched-linux-x86_64 0.6.0 26.84 226.13 252.97 NOTE
r-release-linux-x86_64 0.6.0 25.60 237.27 262.87 NOTE
r-release-macos-arm64 0.6.0 NOTE
r-release-macos-x86_64 0.6.0 NOTE
r-release-windows-ix86+x86_64 0.6.0 63.00 258.00 321.00 NOTE
r-oldrel-macos-x86_64 0.6.0 OK
r-oldrel-windows-ix86+x86_64 0.6.0 64.00 271.00 335.00 OK

Check Details

Version: 0.6.0
Check: LazyData
Result: NOTE
     'LazyData' is specified without a 'data' directory
Flavors: r-devel-linux-x86_64-debian-clang, r-devel-linux-x86_64-debian-gcc, r-devel-linux-x86_64-fedora-clang, r-devel-linux-x86_64-fedora-gcc, r-devel-windows-x86_64-new-UL, r-devel-windows-x86_64-new-TK, r-devel-windows-x86_64-old, r-patched-linux-x86_64, r-release-linux-x86_64, r-release-macos-arm64, r-release-macos-x86_64, r-release-windows-ix86+x86_64