CRAN Package Check Results for Package cepp

Last updated on 2021-09-20 08:50:06 CEST.

Flavor Version Tinstall Tcheck Ttotal Status Flags
r-devel-linux-x86_64-debian-clang 1.7 2.28 38.93 41.21 OK
r-devel-linux-x86_64-debian-gcc 1.7 2.02 28.14 30.16 OK
r-devel-linux-x86_64-fedora-clang 1.7 56.56 OK
r-devel-linux-x86_64-fedora-gcc 1.7 47.39 OK
r-devel-windows-x86_64 1.7 4.00 43.00 47.00 OK
r-devel-windows-x86_64-gcc10-UCRT 1.7 ERROR
r-patched-linux-x86_64 1.7 2.40 37.07 39.47 OK
r-patched-solaris-x86 1.7 69.00 OK
r-release-linux-x86_64 1.7 2.39 36.72 39.11 OK
r-release-macos-arm64 1.7 OK
r-release-macos-x86_64 1.7 OK
r-release-windows-ix86+x86_64 1.7 6.00 46.00 52.00 OK
r-oldrel-macos-x86_64 1.7 OK
r-oldrel-windows-ix86+x86_64 1.7 5.00 41.00 46.00 OK

Check Details

Version: 1.7
Check: whether package can be installed
Result: WARN
    Found the following significant warnings:
     WARNING: installation-time patches will not be applied, could not get the patches index
Flavor: r-devel-windows-x86_64-gcc10-UCRT

Version: 1.7
Check: PDF version of manual
Result: WARN
    LaTeX errors when creating PDF version.
    This typically indicates Rd problems.
Flavor: r-devel-windows-x86_64-gcc10-UCRT

Version: 1.7
Check: PDF version of manual without hyperrefs or index
Result: ERROR
    Re-running with no redirection of stdout/stderr.
Flavor: r-devel-windows-x86_64-gcc10-UCRT