CRAN Package Check Results for Package centiserve

Last updated on 2020-07-14 09:50:22 CEST.

Flavor Version Tinstall Tcheck Ttotal Status Flags
r-devel-linux-x86_64-debian-clang 1.0.0 7.53 68.39 75.92 OK
r-devel-linux-x86_64-debian-gcc 1.0.0 6.82 52.76 59.58 OK
r-devel-linux-x86_64-fedora-clang 1.0.0 101.84 OK
r-devel-linux-x86_64-fedora-gcc 1.0.0 93.59 OK
r-devel-windows-ix86+x86_64 1.0.0 22.00 110.00 132.00 OK
r-patched-linux-x86_64 1.0.0 9.17 67.43 76.60 OK
r-patched-solaris-x86 1.0.0 135.90 OK
r-release-linux-x86_64 1.0.0 9.32 66.25 75.57 OK
r-release-macos-x86_64 1.0.0 ERROR
r-release-windows-ix86+x86_64 1.0.0 20.00 81.00 101.00 OK
r-oldrel-macos-x86_64 1.0.0 OK
r-oldrel-windows-ix86+x86_64 1.0.0 19.00 99.00 118.00 OK

Check Details

Version: 1.0.0
Check: whether package can be installed
Result: ERROR
    Installation failed.
Flavor: r-release-macos-x86_64