CRAN Package Check Results for Package censusr

Last updated on 2021-09-27 20:48:12 CEST.

Flavor Version Tinstall Tcheck Ttotal Status Flags
r-devel-linux-x86_64-debian-clang 0.0.4 3.92 44.95 48.87 NOTE
r-devel-linux-x86_64-debian-gcc 0.0.4 3.43 34.12 37.55 NOTE
r-devel-linux-x86_64-fedora-clang 0.0.4 68.47 NOTE
r-devel-linux-x86_64-fedora-gcc 0.0.4 59.21 NOTE
r-devel-windows-x86_64 0.0.4 5.00 49.00 54.00 NOTE
r-devel-windows-x86_64-gcc10-UCRT 0.0.4 NOTE
r-patched-linux-x86_64 0.0.4 4.48 41.11 45.59 NOTE
r-patched-solaris-x86 0.0.4 84.40 NOTE
r-release-linux-x86_64 0.0.4 3.92 41.34 45.26 NOTE
r-release-macos-arm64 0.0.4 NOTE
r-release-macos-x86_64 0.0.4 NOTE
r-release-windows-ix86+x86_64 0.0.4 11.00 47.00 58.00 NOTE
r-oldrel-macos-x86_64 0.0.4 OK
r-oldrel-windows-ix86+x86_64 0.0.4 9.00 52.00 61.00 OK

Check Details

Version: 0.0.4
Check: LazyData
Result: NOTE
     'LazyData' is specified without a 'data' directory
Flavors: r-devel-linux-x86_64-debian-clang, r-devel-linux-x86_64-debian-gcc, r-devel-linux-x86_64-fedora-clang, r-devel-linux-x86_64-fedora-gcc, r-devel-windows-x86_64, r-devel-windows-x86_64-gcc10-UCRT, r-patched-linux-x86_64, r-patched-solaris-x86, r-release-linux-x86_64, r-release-macos-arm64, r-release-macos-x86_64, r-release-windows-ix86+x86_64