Last updated on 2023-10-03 09:08:13 CEST.
Flavor | Version | Tinstall | Tcheck | Ttotal | Status | Flags |
---|---|---|---|---|---|---|
r-devel-linux-x86_64-debian-clang | 0.2.0 | 14.59 | 482.63 | 497.22 | NOTE | |
r-devel-linux-x86_64-debian-gcc | 0.2.0 | 12.06 | 355.54 | 367.60 | NOTE | |
r-devel-linux-x86_64-fedora-clang | 0.2.0 | 620.45 | NOTE | |||
r-devel-linux-x86_64-fedora-gcc | 0.2.0 | 586.10 | NOTE | |||
r-devel-windows-x86_64 | 0.2.0 | 13.00 | 316.00 | 329.00 | NOTE | |
r-patched-linux-x86_64 | 0.2.0 | 12.36 | 436.02 | 448.38 | OK | |
r-release-linux-x86_64 | 0.2.0 | 13.20 | 463.33 | 476.53 | OK | |
r-release-macos-arm64 | 0.2.0 | 148.00 | OK | |||
r-release-macos-x86_64 | 0.2.0 | 331.00 | OK | |||
r-release-windows-x86_64 | 0.2.0 | 19.00 | 433.00 | 452.00 | OK | |
r-oldrel-macos-arm64 | 0.2.0 | 143.00 | OK | |||
r-oldrel-macos-x86_64 | 0.2.0 | 197.00 | OK | |||
r-oldrel-windows-x86_64 | 0.2.0 | 21.00 | 430.00 | 451.00 | OK |
Version: 0.2.0
Check: Rd \usage sections
Result: NOTE
Documented arguments not in \usage in documentation object 'blackboost_train':
‘x’ ‘y’
Documented arguments not in \usage in documentation object 'survival_prob_mboost':
‘x’
Functions with \usage entries need to have the appropriate \alias
entries, and all their arguments documented.
The \usage entries must correspond to syntactically valid R code.
See chapter ‘Writing R documentation files’ in the ‘Writing R
Extensions’ manual.
Flavors: r-devel-linux-x86_64-debian-clang, r-devel-linux-x86_64-debian-gcc, r-devel-linux-x86_64-fedora-clang, r-devel-linux-x86_64-fedora-gcc, r-devel-windows-x86_64