CRAN Package Check Results for Package censNID

Last updated on 2021-11-30 19:51:18 CET.

Flavor Version Tinstall Tcheck Ttotal Status Flags
r-devel-linux-x86_64-debian-clang 0-0-1 2.63 19.18 21.81 NOTE
r-devel-linux-x86_64-debian-gcc 0-0-1 2.21 15.44 17.65 NOTE
r-devel-linux-x86_64-fedora-clang 0-0-1 38.39 NOTE
r-devel-linux-x86_64-fedora-gcc 0-0-1 28.00 NOTE
r-devel-windows-x86_64-new-UL 0-0-1 9.00 57.00 66.00 NOTE
r-devel-windows-x86_64-new-TK 0-0-1 NOTE
r-devel-windows-x86_64-old 0-0-1 5.00 27.00 32.00 NOTE
r-patched-linux-x86_64 0-0-1 2.88 18.69 21.57 NOTE
r-patched-solaris-x86 0-0-1 41.90 NOTE
r-release-linux-x86_64 0-0-1 2.41 18.64 21.05 NOTE
r-release-macos-arm64 0-0-1 NOTE
r-release-macos-x86_64 0-0-1 NOTE
r-release-windows-ix86+x86_64 0-0-1 8.00 29.00 37.00 NOTE
r-oldrel-macos-x86_64 0-0-1 NOTE
r-oldrel-windows-ix86+x86_64 0-0-1 6.00 31.00 37.00 NOTE

Check Details

Version: 0-0-1
Check: R code for possible problems
Result: NOTE
    cenNID: no visible global function definition for 'sd'
    Undefined global functions or variables:
     sd
    Consider adding
     importFrom("stats", "sd")
    to your NAMESPACE file.
Flavors: r-devel-linux-x86_64-debian-clang, r-devel-linux-x86_64-debian-gcc, r-devel-linux-x86_64-fedora-clang, r-devel-linux-x86_64-fedora-gcc, r-devel-windows-x86_64-new-UL, r-devel-windows-x86_64-new-TK, r-devel-windows-x86_64-old, r-patched-linux-x86_64, r-patched-solaris-x86, r-release-linux-x86_64, r-release-macos-arm64, r-release-macos-x86_64, r-release-windows-ix86+x86_64, r-oldrel-macos-x86_64, r-oldrel-windows-ix86+x86_64

Version: 0-0-1
Check: compiled code
Result: NOTE
    File ‘censNID/libs/censNID.so’:
     Found no calls to: ‘R_registerRoutines’, ‘R_useDynamicSymbols’
    
    It is good practice to register native routines and to disable symbol
    search.
    
    See ‘Writing portable packages’ in the ‘Writing R Extensions’ manual.
Flavors: r-devel-linux-x86_64-fedora-clang, r-devel-linux-x86_64-fedora-gcc