CRAN Package Check Results for Package cencrne

Last updated on 2024-03-04 07:48:23 CET.

Flavor Version Tinstall Tcheck Ttotal Status Flags
r-devel-linux-x86_64-debian-clang 1.0.0 7.09 77.14 84.23 OK
r-devel-linux-x86_64-debian-gcc 1.0.0 6.46 57.78 64.24 OK
r-devel-linux-x86_64-fedora-clang 1.0.0 102.90 NOTE
r-devel-linux-x86_64-fedora-gcc 1.0.0 111.06 NOTE
r-devel-windows-x86_64 1.0.0 8.00 73.00 81.00 OK
r-patched-linux-x86_64 1.0.0 7.17 74.74 81.91 OK
r-release-linux-x86_64 1.0.0 8.96 74.29 83.25 OK
r-release-macos-arm64 1.0.0 42.00 OK
r-release-macos-x86_64 1.0.0 69.00 OK
r-release-windows-x86_64 1.0.0 10.00 88.00 98.00 OK
r-oldrel-macos-arm64 1.0.0 36.00 OK
r-oldrel-windows-x86_64 1.0.0 10.00 87.00 97.00 OK

Check Details

Version: 1.0.0
Check: dependencies in R code
Result: NOTE Namespace in Imports field not imported from: ‘MASS’ All declared Imports should be used. Flavors: r-devel-linux-x86_64-fedora-clang, r-devel-linux-x86_64-fedora-gcc