Last updated on 2023-10-03 09:08:13 CEST.
Flavor | Version | Tinstall | Tcheck | Ttotal | Status | Flags |
---|---|---|---|---|---|---|
r-devel-linux-x86_64-debian-clang | 2.0.3 | 39.12 | 89.71 | 128.83 | NOTE | |
r-devel-linux-x86_64-debian-gcc | 2.0.3 | 31.20 | 68.45 | 99.65 | NOTE | |
r-devel-linux-x86_64-fedora-clang | 2.0.3 | 180.53 | NOTE | |||
r-devel-linux-x86_64-fedora-gcc | 2.0.3 | 173.03 | NOTE | |||
r-devel-windows-x86_64 | 2.0.3 | 39.00 | 109.00 | 148.00 | NOTE | |
r-patched-linux-x86_64 | 2.0.3 | 40.28 | 86.27 | 126.55 | NOTE | |
r-release-linux-x86_64 | 2.0.3 | 37.19 | 87.81 | 125.00 | NOTE | |
r-release-macos-arm64 | 2.0.3 | 57.00 | NOTE | |||
r-release-macos-x86_64 | 2.0.3 | 89.00 | NOTE | |||
r-release-windows-x86_64 | 2.0.3 | 44.00 | 124.00 | 168.00 | NOTE | |
r-oldrel-macos-arm64 | 2.0.3 | 60.00 | OK | |||
r-oldrel-macos-x86_64 | 2.0.3 | 63.00 | OK | |||
r-oldrel-windows-x86_64 | 2.0.3 | 45.00 | 113.00 | 158.00 | OK |
Version: 2.0.3
Check: C++ specification
Result: NOTE
Specified C++11: please drop specification unless essential
Flavors: r-devel-linux-x86_64-debian-clang, r-devel-linux-x86_64-debian-gcc, r-devel-linux-x86_64-fedora-clang, r-devel-linux-x86_64-fedora-gcc, r-devel-windows-x86_64, r-patched-linux-x86_64, r-release-linux-x86_64, r-release-macos-arm64, r-release-macos-x86_64, r-release-windows-x86_64