CRAN Package Check Results for Package cdcfluview

Last updated on 2021-09-20 20:48:29 CEST.

Flavor Version Tinstall Tcheck Ttotal Status Flags
r-devel-linux-x86_64-debian-clang 0.9.4 8.22 76.02 84.24 OK
r-devel-linux-x86_64-debian-gcc 0.9.4 5.75 55.66 61.41 OK
r-devel-linux-x86_64-fedora-clang 0.9.4 107.30 OK
r-devel-linux-x86_64-fedora-gcc 0.9.4 97.59 OK
r-devel-windows-x86_64 0.9.4 10.00 109.00 119.00 OK
r-devel-windows-x86_64-gcc10-UCRT 0.9.4 ERROR
r-patched-linux-x86_64 0.9.4 7.80 70.96 78.76 OK
r-patched-solaris-x86 0.9.4 155.60 OK
r-release-linux-x86_64 0.9.4 5.74 71.28 77.02 OK
r-release-macos-arm64 0.9.4 OK
r-release-macos-x86_64 0.9.4 OK
r-release-windows-ix86+x86_64 0.9.4 17.00 90.00 107.00 OK
r-oldrel-macos-x86_64 0.9.4 OK
r-oldrel-windows-ix86+x86_64 0.9.4 18.00 90.00 108.00 OK

Check Details

Version: 0.9.4
Check: whether package can be installed
Result: WARN
    Found the following significant warnings:
     WARNING: installation-time patches will not be applied, could not get the patches index
Flavor: r-devel-windows-x86_64-gcc10-UCRT

Version: 0.9.4
Check: PDF version of manual
Result: WARN
    LaTeX errors when creating PDF version.
    This typically indicates Rd problems.
Flavor: r-devel-windows-x86_64-gcc10-UCRT

Version: 0.9.4
Check: PDF version of manual without hyperrefs or index
Result: ERROR
    Re-running with no redirection of stdout/stderr.
Flavor: r-devel-windows-x86_64-gcc10-UCRT