CRAN Package Check Results for Package ccoptimalmatch

Last updated on 2021-09-22 08:50:00 CEST.

Flavor Version Tinstall Tcheck Ttotal Status Flags
r-devel-linux-x86_64-debian-clang 0.1.0 5.06 66.40 71.46 OK
r-devel-linux-x86_64-debian-gcc 0.1.0 3.44 49.48 52.92 OK
r-devel-linux-x86_64-fedora-clang 0.1.0 90.44 OK
r-devel-linux-x86_64-fedora-gcc 0.1.0 80.47 OK
r-devel-windows-x86_64 0.1.0 7.00 63.00 70.00 OK
r-devel-windows-x86_64-gcc10-UCRT 0.1.0 ERROR
r-patched-linux-x86_64 0.1.0 4.76 60.50 65.26 OK
r-patched-solaris-x86 0.1.0 115.60 OK
r-release-linux-x86_64 0.1.0 5.23 60.74 65.97 OK
r-release-macos-arm64 0.1.0 OK
r-release-macos-x86_64 0.1.0 OK
r-release-windows-ix86+x86_64 0.1.0 12.00 58.00 70.00 OK
r-oldrel-macos-x86_64 0.1.0 OK
r-oldrel-windows-ix86+x86_64 0.1.0 10.00 62.00 72.00 OK

Check Details

Version: 0.1.0
Check: PDF version of manual
Result: WARN
    LaTeX errors when creating PDF version.
    This typically indicates Rd problems.
Flavor: r-devel-windows-x86_64-gcc10-UCRT

Version: 0.1.0
Check: PDF version of manual without hyperrefs or index
Result: ERROR
    Re-running with no redirection of stdout/stderr.
Flavor: r-devel-windows-x86_64-gcc10-UCRT