CRAN Package Check Results for Package cba

Last updated on 2022-12-09 21:53:40 CET.

Flavor Version Tinstall Tcheck Ttotal Status Flags
r-devel-linux-x86_64-debian-clang 0.2-22 11.38 40.26 51.64 WARN
r-devel-linux-x86_64-debian-gcc 0.2-23 8.32 35.48 43.80 OK
r-devel-linux-x86_64-fedora-clang 0.2-23 81.13 OK
r-devel-linux-x86_64-fedora-gcc 0.2-23 80.49 OK
r-devel-windows-x86_64 0.2-23 34.00 117.00 151.00 OK
r-patched-linux-x86_64 0.2-22 11.49 37.70 49.19 OK
r-release-linux-x86_64 0.2-23 10.55 37.32 47.87 OK
r-release-macos-arm64 0.2-23 30.00 OK
r-release-macos-x86_64 0.2-23 34.00 OK
r-release-windows-x86_64 0.2-23 32.00 107.00 139.00 OK
r-oldrel-macos-arm64 0.2-23 33.00 OK
r-oldrel-macos-x86_64 0.2-23 36.00 OK
r-oldrel-windows-ix86+x86_64 0.2-23 29.00 97.00 126.00 OK

Check Details

Version: 0.2-22
Check: compiled code
Result: WARN
    File 'cba/libs/cba.so':
     Found '__sprintf_chk', possibly from 'sprintf' (C)
     Objects: 'ccfkms.o', 'cluster.o', 'rock.o'
    
    Compiled code should not call entry points which might terminate R nor
    write to stdout/stderr instead of to the console, nor use Fortran I/O
    nor system RNGs nor [v]sprintf.
    
    See 'Writing portable packages' in the 'Writing R Extensions' manual.
Flavor: r-devel-linux-x86_64-debian-clang