CRAN Package Check Results for Package caviarpd

Last updated on 2021-10-26 08:09:57 CEST.

Flavor Version Tinstall Tcheck Ttotal Status Flags
r-devel-linux-x86_64-debian-clang 0.2.17 4.02 22.32 26.34 OK
r-devel-linux-x86_64-debian-gcc 0.2.17 3.23 17.93 21.16 OK
r-devel-linux-x86_64-fedora-clang 0.2.17 272.79 OK
r-devel-linux-x86_64-fedora-gcc 0.2.17 271.55 OK
r-devel-windows-x86_64 0.2.17 8.00 45.00 53.00 OK
r-devel-windows-x86_64-gcc10-UCRT 0.2.17 OK
r-patched-linux-x86_64 0.2.17 3.98 21.89 25.87 OK
r-release-linux-x86_64 0.2.17 3.79 22.10 25.89 OK
r-release-macos-arm64 0.2.17 NOTE
r-release-macos-x86_64 0.2.17 NOTE
r-release-windows-ix86+x86_64 0.2.17 12.00 72.00 84.00 OK
r-oldrel-macos-x86_64 0.2.17 NOTE
r-oldrel-windows-ix86+x86_64 0.2.17 15.00 73.00 88.00 OK

Check Details

Version: 0.2.17
Check: installed package size
Result: NOTE
     installed size is 6.4Mb
     sub-directories of 1Mb or more:
     libs 6.3Mb
Flavors: r-release-macos-arm64, r-release-macos-x86_64, r-oldrel-macos-x86_64