CRAN Package Check Results for Package causaldrf

Last updated on 2024-06-16 21:51:57 CEST.

Flavor Version Tinstall Tcheck Ttotal Status Flags
r-devel-linux-x86_64-debian-clang 0.4.2 14.29 120.00 134.29 OK
r-devel-linux-x86_64-debian-gcc 0.4.2 9.71 90.81 100.52 OK
r-devel-linux-x86_64-fedora-clang 0.4.2 164.75 OK
r-devel-linux-x86_64-fedora-gcc 0.4.2 170.62 OK
r-devel-windows-x86_64 0.4.2 10.00 126.00 136.00 OK
r-patched-linux-x86_64 0.4.2 11.64 117.32 128.96 OK
r-release-linux-x86_64 0.4.2 12.98 118.21 131.19 OK
r-release-macos-arm64 0.4.2 54.00 OK
r-release-macos-x86_64 0.4.2 88.00 WARN
r-release-windows-x86_64 0.4.2 12.00 131.00 143.00 OK
r-oldrel-macos-arm64 0.4.2 59.00 OK
r-oldrel-macos-x86_64 0.4.2 92.00 OK
r-oldrel-windows-x86_64 0.4.2 14.00 144.00 158.00 OK

Check Details

Version: 0.4.2
Check: re-building of vignette outputs
Result: WARN Error(s) in re-building vignettes: ... --- re-building ‘Using_causaldrf.Rnw’ using knitr Error: processing vignette 'Using_causaldrf.Rnw' failed with diagnostics: Running 'texi2dvi' on 'Using_causaldrf.tex' failed. LaTeX errors: ! Undefined control sequence. l.228 \hlkwd{library} \hldef {(causaldrf)} ? ! Emergency stop. ! Emergency stop. l.228 End of file on the terminal! ! ==> Fatal error occurred, no output PDF file produced! --- failed re-building ‘Using_causaldrf.Rnw’ SUMMARY: processing the following file failed: ‘Using_causaldrf.Rnw’ Error: Vignette re-building failed. Execution halted Flavor: r-release-macos-x86_64