Last updated on 2023-03-30 08:53:32 CEST.
Flavor | Version | Tinstall | Tcheck | Ttotal | Status | Flags |
---|---|---|---|---|---|---|
r-devel-linux-x86_64-debian-clang | 0.9.1 | 10.66 | 81.63 | 92.29 | NOTE | |
r-devel-linux-x86_64-debian-gcc | 0.9.1 | 7.51 | 61.43 | 68.94 | NOTE | |
r-devel-linux-x86_64-fedora-clang | 0.9.1 | 115.53 | NOTE | |||
r-devel-linux-x86_64-fedora-gcc | 0.9.1 | 110.93 | NOTE | |||
r-devel-windows-x86_64 | 0.9.1 | 49.00 | 0.00 | 49.00 | NOTE | |
r-patched-linux-x86_64 | 0.9.1 | 7.73 | 76.18 | 83.91 | NOTE | |
r-release-linux-x86_64 | 0.9.1 | 7.69 | 77.88 | 85.57 | OK | |
r-release-macos-arm64 | 0.9.1 | 35.00 | OK | |||
r-release-macos-x86_64 | 0.9.1 | 47.00 | OK | |||
r-release-windows-x86_64 | 0.9.1 | 46.00 | 110.00 | 156.00 | OK | |
r-oldrel-macos-arm64 | 0.9.1 | 34.00 | OK | |||
r-oldrel-macos-x86_64 | 0.9.1 | 44.00 | OK | |||
r-oldrel-windows-ix86+x86_64 | 0.9.1 | 20.00 | 101.00 | 121.00 | OK |
Version: 0.9.1
Check: Rd files
Result: NOTE
checkRd: (-1) tpcExample.Rd:30: Escaped LaTeX specials: \&
Flavors: r-devel-linux-x86_64-debian-clang, r-devel-linux-x86_64-debian-gcc, r-devel-linux-x86_64-fedora-clang, r-devel-linux-x86_64-fedora-gcc, r-devel-windows-x86_64, r-patched-linux-x86_64
Version: 0.9.1
Check: Rd cross-references
Result: NOTE
Undeclared package ‘graph’ in Rd xrefs
Flavor: r-devel-linux-x86_64-fedora-clang