CRAN Package Check Results for Package causalDisco

Last updated on 2024-04-14 21:49:20 CEST.

Flavor Version Tinstall Tcheck Ttotal Status Flags
r-devel-linux-x86_64-debian-clang 0.9.1 7.39 82.68 90.07 NOTE
r-devel-linux-x86_64-debian-gcc 0.9.1 7.04 62.49 69.53 NOTE
r-devel-linux-x86_64-fedora-clang 0.9.1 115.32 NOTE
r-devel-linux-x86_64-fedora-gcc 0.9.1 109.98 NOTE
r-devel-windows-x86_64 0.9.1 10.00 79.00 89.00 NOTE
r-patched-linux-x86_64 0.9.1 10.68 78.17 88.85 NOTE
r-release-linux-x86_64 0.9.1 8.39 82.02 90.41 NOTE
r-release-macos-arm64 0.9.1 37.00 NOTE
r-release-macos-x86_64 0.9.1 55.00 NOTE
r-release-windows-x86_64 0.9.1 11.00 88.00 99.00 NOTE
r-oldrel-macos-arm64 0.9.1 35.00 OK
r-oldrel-windows-x86_64 0.9.1 13.00 88.00 101.00 OK

Check Details

Version: 0.9.1
Check: Rd files
Result: NOTE checkRd: (-1) tpcExample.Rd:30: Escaped LaTeX specials: \& Flavors: r-devel-linux-x86_64-debian-clang, r-devel-linux-x86_64-debian-gcc, r-devel-linux-x86_64-fedora-clang, r-devel-linux-x86_64-fedora-gcc, r-devel-windows-x86_64, r-patched-linux-x86_64, r-release-linux-x86_64, r-release-macos-arm64, r-release-macos-x86_64, r-release-windows-x86_64

Version: 0.9.1
Check: Rd cross-references
Result: NOTE Undeclared package ‘graph’ in Rd xrefs Flavor: r-devel-linux-x86_64-fedora-clang