CRAN Package Check Results for Package catmap

Last updated on 2021-09-27 20:48:12 CEST.

Flavor Version Tinstall Tcheck Ttotal Status Flags
r-devel-linux-x86_64-debian-clang 1.6.4 2.79 32.31 35.10 NOTE
r-devel-linux-x86_64-debian-gcc 1.6.4 2.38 26.26 28.64 NOTE
r-devel-linux-x86_64-fedora-clang 1.6.4 51.81 NOTE
r-devel-linux-x86_64-fedora-gcc 1.6.4 41.30 NOTE
r-devel-windows-x86_64 1.6.4 4.00 37.00 41.00 OK
r-devel-windows-x86_64-gcc10-UCRT 1.6.4 OK
r-patched-linux-x86_64 1.6.4 3.14 31.54 34.68 NOTE
r-patched-solaris-x86 1.6.4 63.20 NOTE
r-release-linux-x86_64 1.6.4 2.79 31.94 34.73 NOTE
r-release-macos-arm64 1.6.4 OK
r-release-macos-x86_64 1.6.4 OK
r-release-windows-ix86+x86_64 1.6.4 6.00 36.00 42.00 OK
r-oldrel-macos-x86_64 1.6.4 OK
r-oldrel-windows-ix86+x86_64 1.6.4 5.00 37.00 42.00 OK

Check Details

Version: 1.6.4
Check: for non-standard things in the check directory
Result: NOTE
    Found the following files/directories:
     'catmapdata.fixed.effects.plot.pdf' 'catmapdata.funnel.plot.pdf'
     'catmapdata.output.txt' 'catmapdata.random.effects.plot.pdf'
Flavors: r-devel-linux-x86_64-debian-clang, r-devel-linux-x86_64-debian-gcc, r-devel-linux-x86_64-fedora-clang, r-devel-linux-x86_64-fedora-gcc, r-patched-linux-x86_64, r-patched-solaris-x86, r-release-linux-x86_64