CRAN Package Check Results for Package cati

Last updated on 2020-12-01 19:48:12 CET.

Flavor Version Tinstall Tcheck Ttotal Status Flags
r-devel-linux-x86_64-debian-clang 0.99.3 33.34 181.13 214.47 NOTE
r-devel-linux-x86_64-debian-gcc 0.99.3 21.77 141.06 162.83 NOTE
r-devel-linux-x86_64-fedora-clang 0.99.3 267.53 NOTE
r-devel-linux-x86_64-fedora-gcc 0.99.3 244.04 NOTE
r-devel-windows-ix86+x86_64 0.99.3 52.00 202.00 254.00 OK
r-patched-linux-x86_64 0.99.3 25.02 167.57 192.59 NOTE
r-patched-solaris-x86 0.99.3 343.80 NOTE
r-release-linux-x86_64 0.99.3 28.73 167.85 196.58 NOTE
r-release-macos-x86_64 0.99.3 NOTE
r-release-windows-ix86+x86_64 0.99.3 38.00 150.00 188.00 OK
r-oldrel-macos-x86_64 0.99.3 WARN
r-oldrel-windows-ix86+x86_64 0.99.3 38.00 191.00 229.00 OK

Check Details

Version: 0.99.3
Check: package dependencies
Result: NOTE
    Package suggested but not available for checking: 'spacodiR'
Flavors: r-devel-linux-x86_64-debian-clang, r-devel-linux-x86_64-debian-gcc, r-devel-linux-x86_64-fedora-clang, r-devel-linux-x86_64-fedora-gcc, r-patched-linux-x86_64, r-patched-solaris-x86, r-release-linux-x86_64, r-release-macos-x86_64

Version: 0.99.3
Check: whether package can be installed
Result: WARN
    Found the following significant warnings:
     Warning: 'rgl.init' failed, running with 'rgl.useNULL = TRUE'.
Flavor: r-oldrel-macos-x86_64