CRAN Package Check Results for Package cati

Last updated on 2021-12-06 19:50:34 CET.

Flavor Version Tinstall Tcheck Ttotal Status Flags
r-devel-linux-x86_64-debian-clang 0.99.3 41.68 357.01 398.69 NOTE
r-devel-linux-x86_64-debian-gcc 0.99.3 38.35 265.34 303.69 NOTE
r-devel-linux-x86_64-fedora-clang 0.99.3 492.70 NOTE
r-devel-linux-x86_64-fedora-gcc 0.99.3 475.72 NOTE
r-devel-windows-x86_64-new-UL 0.99.3 68.00 389.00 457.00 NOTE
r-devel-windows-x86_64-new-TK 0.99.3 NOTE
r-devel-windows-x86_64-old 0.99.3 47.00 279.00 326.00 OK
r-patched-linux-x86_64 0.99.3 42.04 334.62 376.66 NOTE
r-release-linux-x86_64 0.99.3 41.95 344.73 386.68 NOTE
r-release-macos-arm64 0.99.3 NOTE
r-release-macos-x86_64 0.99.3 NOTE
r-release-windows-ix86+x86_64 0.99.3 96.00 372.00 468.00 OK
r-oldrel-macos-x86_64 0.99.3 NOTE
r-oldrel-windows-ix86+x86_64 0.99.3 96.00 385.00 481.00 OK

Check Details

Version: 0.99.3
Check: package dependencies
Result: NOTE
    Package suggested but not available for checking: 'spacodiR'
Flavors: r-devel-linux-x86_64-debian-clang, r-devel-linux-x86_64-debian-gcc, r-devel-linux-x86_64-fedora-clang, r-devel-linux-x86_64-fedora-gcc, r-devel-windows-x86_64-new-UL, r-devel-windows-x86_64-new-TK, r-patched-linux-x86_64, r-release-linux-x86_64, r-release-macos-arm64, r-release-macos-x86_64, r-oldrel-macos-x86_64