CRAN Package Check Results for Package catenary

Last updated on 2021-12-01 07:50:18 CET.

Flavor Version Tinstall Tcheck Ttotal Status Flags
r-devel-linux-x86_64-debian-clang 1.1.2 3.19 61.44 64.63 OK
r-devel-linux-x86_64-debian-gcc 1.1.2 2.72 50.28 53.00 OK
r-devel-linux-x86_64-fedora-clang 1.1.2 86.60 NOTE
r-devel-linux-x86_64-fedora-gcc 1.1.2 76.79 NOTE
r-devel-windows-x86_64-new-UL 1.1.2 12.00 105.00 117.00 OK
r-devel-windows-x86_64-new-TK 1.1.2 NOTE
r-devel-windows-x86_64-old 1.1.2 7.00 66.00 73.00 OK
r-patched-linux-x86_64 1.1.2 2.57 57.83 60.40 OK
r-patched-solaris-x86 1.1.2 88.00 NOTE
r-release-linux-x86_64 1.1.2 3.29 57.73 61.02 OK
r-release-macos-arm64 1.1.2 NOTE
r-release-macos-x86_64 1.1.2 NOTE
r-release-windows-ix86+x86_64 1.1.2 9.00 80.00 89.00 OK
r-oldrel-macos-x86_64 1.1.2 NOTE
r-oldrel-windows-ix86+x86_64 1.1.2 7.00 64.00 71.00 OK

Check Details

Version: 1.1.2
Check: dependencies in R code
Result: NOTE
    Namespace in Imports field not imported from: ‘tidyverse’
     All declared Imports should be used.
Flavors: r-devel-linux-x86_64-fedora-clang, r-devel-linux-x86_64-fedora-gcc, r-devel-windows-x86_64-new-TK, r-patched-solaris-x86, r-release-macos-arm64, r-release-macos-x86_64, r-oldrel-macos-x86_64